Last updated on 2024-03-29 07:54:45 CET.
Flavor | Version | Tinstall | Tcheck | Ttotal | Status | Flags |
---|---|---|---|---|---|---|
r-devel-linux-x86_64-debian-clang | 0.0.4 | 37.02 | 451.31 | 488.33 | OK | |
r-devel-linux-x86_64-debian-gcc | 0.0.4 | 27.91 | 327.51 | 355.42 | OK | |
r-devel-linux-x86_64-fedora-clang | 0.0.4 | 587.61 | OK | |||
r-devel-linux-x86_64-fedora-gcc | 0.0.4 | 594.12 | OK | |||
r-devel-windows-x86_64 | 0.0.4 | 30.00 | 323.00 | 353.00 | OK | |
r-patched-linux-x86_64 | 0.0.4 | 25.32 | 439.47 | 464.79 | OK | |
r-release-linux-x86_64 | 0.0.4 | 25.12 | 428.89 | 454.01 | OK | |
r-release-macos-arm64 | 0.0.4 | 159.00 | NOTE | |||
r-release-macos-x86_64 | 0.0.4 | 336.00 | OK | |||
r-release-windows-x86_64 | 0.0.4 | 38.00 | 445.00 | 483.00 | OK | |
r-oldrel-macos-arm64 | 0.0.4 | 223.00 | NOTE | |||
r-oldrel-windows-x86_64 | 0.0.4 | 35.00 | 447.00 | 482.00 | OK |
Version: 0.0.4
Check: installed package size
Result: NOTE
installed size is 5.0Mb
sub-directories of 1Mb or more:
doc 1.6Mb
libs 2.4Mb
Flavors: r-release-macos-arm64, r-oldrel-macos-arm64