Last updated on 2023-06-05 08:53:30 CEST.
Flavor | Version | Tinstall | Tcheck | Ttotal | Status | Flags |
---|---|---|---|---|---|---|
r-devel-linux-x86_64-debian-clang | 0.15 | 286.22 | 140.51 | 426.73 | OK | |
r-devel-linux-x86_64-debian-gcc | 0.15 | 227.21 | 102.28 | 329.49 | OK | |
r-devel-linux-x86_64-fedora-clang | 0.15 | 589.84 | OK | |||
r-devel-linux-x86_64-fedora-gcc | 0.15 | 623.86 | OK | |||
r-devel-windows-x86_64 | 0.15 | 213.00 | 142.00 | 355.00 | OK | |
r-patched-linux-x86_64 | 0.15 | 235.89 | 130.34 | 366.23 | OK | |
r-release-linux-x86_64 | 0.15 | 238.11 | 131.76 | 369.87 | OK | |
r-release-macos-arm64 | 0.15 | 155.00 | NOTE | |||
r-release-macos-x86_64 | 0.15 | 248.00 | NOTE | |||
r-release-windows-x86_64 | 0.15 | 266.00 | 178.00 | 444.00 | OK | |
r-oldrel-macos-arm64 | 0.15 | 126.00 | NOTE | |||
r-oldrel-macos-x86_64 | 0.15 | 218.00 | NOTE | |||
r-oldrel-windows-x86_64 | 0.15 | 257.00 | 170.00 | 427.00 | OK |
Version: 0.15
Check: installed package size
Result: NOTE
installed size is 14.4Mb
sub-directories of 1Mb or more:
libs 13.9Mb
Flavors: r-release-macos-arm64, r-release-macos-x86_64, r-oldrel-macos-arm64, r-oldrel-macos-x86_64