Last updated on 2024-04-18 08:54:32 CEST.
Flavor | Version | Tinstall | Tcheck | Ttotal | Status | Flags |
---|---|---|---|---|---|---|
r-devel-linux-x86_64-debian-clang | 1.7-5 | 14.97 | 158.60 | 173.57 | NOTE | |
r-devel-linux-x86_64-debian-gcc | 1.7-5 | 11.72 | 115.71 | 127.43 | NOTE | |
r-devel-linux-x86_64-fedora-clang | 1.7-5 | 215.78 | NOTE | |||
r-devel-linux-x86_64-fedora-gcc | 1.7-5 | 215.33 | NOTE | |||
r-prerel-macos-arm64 | 1.7-5 | 64.00 | NOTE | |||
r-prerel-windows-x86_64 | 1.7-5 | 12.00 | 159.00 | 171.00 | NOTE | |
r-patched-linux-x86_64 | 1.7-5 | 15.82 | 149.00 | 164.82 | NOTE | |
r-release-linux-x86_64 | 1.7-5 | 11.30 | 154.59 | 165.89 | OK | |
r-release-macos-arm64 | 1.7-5 | 69.00 | OK | |||
r-release-macos-x86_64 | 1.7-5 | 116.00 | OK | |||
r-release-windows-x86_64 | 1.7-5 | 12.00 | 184.00 | 196.00 | OK | |
r-oldrel-macos-arm64 | 1.7-5 | 61.00 | OK | |||
r-oldrel-windows-x86_64 | 1.7-5 | 17.00 | 194.00 | 211.00 | OK |
Version: 1.7-5
Check: Rd files
Result: NOTE
checkRd: (-1) NEWS.Rd:669: Lost braces; missing escapes or markup?
669 | parameters are rounded so they belong to one of {0, 0.5, 1}. (Simon)
| ^
checkRd: (-1) gradients.Rd:96-99: Lost braces in \itemize; meant \describe ?
checkRd: (-1) gradients.Rd:100-103: Lost braces in \itemize; meant \describe ?
checkRd: (-1) gradients.Rd:104-107: Lost braces in \itemize; meant \describe ?
Flavors: r-devel-linux-x86_64-debian-clang, r-devel-linux-x86_64-debian-gcc, r-devel-linux-x86_64-fedora-clang, r-devel-linux-x86_64-fedora-gcc, r-prerel-macos-arm64, r-prerel-windows-x86_64, r-patched-linux-x86_64