Last updated on 2023-05-31 20:57:09 CEST.
Flavor | Version | Tinstall | Tcheck | Ttotal | Status | Flags |
---|---|---|---|---|---|---|
r-devel-linux-x86_64-debian-clang | 0.6.1 | 383.30 | 359.87 | 743.17 | NOTE | |
r-devel-linux-x86_64-debian-gcc | 0.6.1 | 326.17 | 236.19 | 562.36 | NOTE | |
r-devel-linux-x86_64-fedora-clang | 0.6.1 | 1021.17 | NOTE | |||
r-devel-linux-x86_64-fedora-gcc | 0.6.1 | 1028.02 | NOTE | |||
r-devel-windows-x86_64 | 0.6.1 | 296.00 | 308.00 | 604.00 | NOTE | |
r-patched-linux-x86_64 | 0.6.1 | NOTE | ||||
r-release-linux-x86_64 | 0.6.1 | 333.29 | 305.23 | 638.52 | NOTE | |
r-release-macos-arm64 | 0.6.1 | 258.00 | NOTE | |||
r-release-macos-x86_64 | 0.6.1 | 425.00 | NOTE | |||
r-release-windows-x86_64 | 0.6.1 | 383.00 | 364.00 | 747.00 | NOTE | |
r-oldrel-macos-arm64 | 0.6.1 | 212.00 | NOTE | |||
r-oldrel-macos-x86_64 | 0.6.1 | 279.00 | NOTE | |||
r-oldrel-windows-x86_64 | 0.6.1 | 382.00 | 352.00 | 734.00 | OK |
Version: 0.6.1
Check: C++ specification
Result: NOTE
Specified C++11: please drop specification unless essential
Flavors: r-devel-linux-x86_64-debian-clang, r-devel-linux-x86_64-debian-gcc, r-devel-linux-x86_64-fedora-clang, r-devel-linux-x86_64-fedora-gcc, r-devel-windows-x86_64, r-patched-linux-x86_64, r-release-linux-x86_64, r-release-macos-arm64, r-release-macos-x86_64, r-release-windows-x86_64
Version: 0.6.1
Check: data for non-ASCII characters
Result: NOTE
Note: found 989 marked UTF-8 strings
Flavors: r-devel-linux-x86_64-fedora-clang, r-devel-linux-x86_64-fedora-gcc, r-oldrel-macos-arm64, r-oldrel-macos-x86_64
Version: 0.6.1
Check: installed package size
Result: NOTE
installed size is 19.6Mb
sub-directories of 1Mb or more:
libs 17.3Mb
Flavors: r-release-macos-arm64, r-release-macos-x86_64, r-oldrel-macos-arm64, r-oldrel-macos-x86_64