Last updated on 2023-09-25 20:08:49 CEST.
Flavor | Version | Tinstall | Tcheck | Ttotal | Status | Flags |
---|---|---|---|---|---|---|
r-devel-linux-x86_64-debian-clang | 0.2.0 | 16.70 | 169.89 | 186.59 | NOTE | |
r-devel-linux-x86_64-debian-gcc | 0.2.0 | 13.76 | 125.51 | 139.27 | NOTE | |
r-devel-linux-x86_64-fedora-clang | 0.2.0 | 226.21 | NOTE | |||
r-devel-linux-x86_64-fedora-gcc | 0.2.0 | 237.34 | NOTE | |||
r-devel-windows-x86_64 | 0.2.0 | 15.00 | 179.00 | 194.00 | NOTE | |
r-patched-linux-x86_64 | 0.2.0 | 11.47 | 161.48 | 172.95 | OK | |
r-release-linux-x86_64 | 0.2.0 | 10.28 | 163.23 | 173.51 | OK | |
r-release-macos-arm64 | 0.2.0 | 93.00 | OK | |||
r-release-macos-x86_64 | 0.2.0 | 125.00 | OK | |||
r-release-windows-x86_64 | 0.2.0 | 19.00 | 218.00 | 237.00 | OK | |
r-oldrel-macos-arm64 | 0.2.0 | 76.00 | OK | |||
r-oldrel-macos-x86_64 | 0.2.0 | 97.00 | OK | |||
r-oldrel-windows-x86_64 | 0.2.0 | 21.00 | 207.00 | 228.00 | OK |
Version: 0.2.0
Check: Rd \usage sections
Result: NOTE
Documented arguments not in \usage in documentation object 'fmpareto_HR_MLE':
‘method’
Functions with \usage entries need to have the appropriate \alias
entries, and all their arguments documented.
The \usage entries must correspond to syntactically valid R code.
See chapter ‘Writing R documentation files’ in the ‘Writing R
Extensions’ manual.
Flavors: r-devel-linux-x86_64-debian-clang, r-devel-linux-x86_64-debian-gcc, r-devel-linux-x86_64-fedora-clang, r-devel-linux-x86_64-fedora-gcc, r-devel-windows-x86_64
Version: 0.2.0
Check: Rd cross-references
Result: NOTE
Undeclared package ‘glasso’ in Rd xrefs
Flavor: r-devel-linux-x86_64-fedora-clang