Last updated on 2023-10-02 20:12:01 CEST.
Flavor | Version | Tinstall | Tcheck | Ttotal | Status | Flags |
---|---|---|---|---|---|---|
r-devel-linux-x86_64-debian-clang | 0.2.2 | 21.59 | 194.01 | 215.60 | OK | |
r-devel-linux-x86_64-debian-gcc | 0.2.2 | 16.70 | 141.83 | 158.53 | OK | |
r-devel-linux-x86_64-fedora-clang | 0.2.2 | 267.93 | OK | |||
r-devel-linux-x86_64-fedora-gcc | 0.2.2 | 281.50 | OK | |||
r-devel-windows-x86_64 | 0.2.2 | 21.00 | 174.00 | 195.00 | OK | |
r-patched-linux-x86_64 | 0.2.2 | 15.83 | 186.33 | 202.16 | OK | |
r-release-linux-x86_64 | 0.2.2 | 15.90 | 186.77 | 202.67 | OK | |
r-release-macos-arm64 | 0.2.2 | 81.00 | NOTE | |||
r-release-macos-x86_64 | 0.2.2 | 167.00 | NOTE | |||
r-release-windows-x86_64 | 0.2.2 | 27.00 | 211.00 | 238.00 | OK | |
r-oldrel-macos-arm64 | 0.2.2 | 75.00 | NOTE | |||
r-oldrel-macos-x86_64 | 0.2.2 | 92.00 | OK | |||
r-oldrel-windows-x86_64 | 0.2.2 | 27.00 | 191.00 | 218.00 | OK |
Version: 0.2.2
Check: package dependencies
Result: NOTE
Package suggested but not available for checking: ‘monocle’
Flavors: r-release-macos-arm64, r-release-macos-x86_64, r-oldrel-macos-arm64
Version: 0.2.2
Check: Rd cross-references
Result: NOTE
Package unavailable to check Rd xrefs: ‘monocle’
Flavors: r-release-macos-arm64, r-release-macos-x86_64, r-oldrel-macos-arm64