CRAN Package Check Results for Package grafify

Last updated on 2024-07-25 08:50:37 CEST.

Flavor Version Tinstall Tcheck Ttotal Status Flags
r-devel-linux-x86_64-debian-clang 4.0.1 20.47 207.24 227.71 OK
r-devel-linux-x86_64-debian-gcc 4.0.1 12.77 155.10 167.87 NOTE
r-devel-linux-x86_64-fedora-clang 4.0.1 291.24 NOTE
r-devel-linux-x86_64-fedora-gcc 4.0.1 266.62 OK
r-devel-windows-x86_64 4.0.1 19.00 175.00 194.00 NOTE
r-patched-linux-x86_64 4.0.1 OK
r-release-linux-x86_64 4.0.1 12.86 197.96 210.82 OK
r-release-macos-arm64 4.0.1 68.00 NOTE
r-release-macos-x86_64 4.0.1 108.00 NOTE
r-release-windows-x86_64 4.0.1 18.00 175.00 193.00 NOTE
r-oldrel-macos-arm64 4.0.1 89.00 NOTE
r-oldrel-macos-x86_64 4.0.1 190.00 NOTE
r-oldrel-windows-x86_64 4.0.1 26.00 219.00 245.00 NOTE

Check Details

Version: 4.0.1
Check: Rd cross-references
Result: NOTE Found the following Rd file(s) with Rd \link{} targets missing package anchors: plot_3d_point_sd.Rd: facet_wrap plot_3d_scatterbar.Rd: facet_wrap plot_3d_scatterbox.Rd: facet_wrap, geom_boxplot plot_3d_scatterviolin.Rd: facet_wrap, geom_boxplot, geom_violin plot_4d_point_sd.Rd: facet_wrap, stat_summary, geom_point plot_4d_scatterbar.Rd: facet_wrap, stat_summary, geom_point plot_4d_scatterbox.Rd: facet_wrap, geom_boxplot plot_4d_scatterviolin.Rd: facet_wrap, geom_boxplot, geom_violin plot_befafter_box.Rd: facet_wrap, geom_line, geom_point plot_befafter_colours.Rd: facet_wrap, geom_line, geom_point plot_befafter_shapes.Rd: facet_wrap, geom_line, geom_point plot_density.Rd: geom_density, facet_wrap plot_dotbar_sd.Rd: facet_wrap, geom_dotplot plot_dotbox.Rd: facet_wrap, geom_boxplot, geom_dotplot plot_dotviolin.Rd: facet_wrap, geom_boxplot, geom_dotplot, geom_violin plot_histogram.Rd: geom_histogram, facet_wrap plot_logscale.Rd: scale_y_continuous, scale_x_continuous plot_point_sd.Rd: facet_wrap, stat_summary plot_qqline.Rd: ggplot2, facet_wrap plot_qqmodel.Rd: ggplot2 plot_scatterbar_sd.Rd: facet_wrap plot_scatterbox.Rd: facet_wrap, geom_boxplot plot_scatterviolin.Rd: facet_wrap, geom_boxplot, geom_point, geom_violin plot_xy_CatGroup.Rd: facet_wrap plot_xy_NumGroup.Rd: facet_wrap posthoc_Levelwise.Rd: emmeans posthoc_Pairwise.Rd: emmeans posthoc_vsRef.Rd: emmeans theme_grafify.Rd: theme_classic Please provide package anchors for all Rd \link{} targets not in the package itself and the base packages. Flavors: r-devel-linux-x86_64-debian-gcc, r-devel-windows-x86_64

Version: 4.0.1
Check: installed package size
Result: NOTE installed size is 5.6Mb sub-directories of 1Mb or more: help 5.3Mb Flavors: r-devel-linux-x86_64-fedora-clang, r-devel-windows-x86_64, r-release-macos-arm64, r-release-macos-x86_64, r-release-windows-x86_64, r-oldrel-macos-arm64, r-oldrel-macos-x86_64, r-oldrel-windows-x86_64

Version: 4.0.1
Check: Rd cross-references
Result: NOTE Undeclared package ‘gratia’ in Rd xrefs Flavor: r-devel-linux-x86_64-fedora-clang