Last updated on 2024-04-19 07:56:43 CEST.
Flavor | Version | Tinstall | Tcheck | Ttotal | Status | Flags |
---|---|---|---|---|---|---|
r-devel-linux-x86_64-debian-clang | 4.0.1 | 18.86 | 207.53 | 226.39 | OK | |
r-devel-linux-x86_64-debian-gcc | 4.0.1 | OK | ||||
r-devel-linux-x86_64-fedora-clang | 4.0.1 | 283.00 | NOTE | |||
r-devel-linux-x86_64-fedora-gcc | 4.0.1 | 268.27 | OK | |||
r-prerel-macos-arm64 | 4.0.1 | 68.00 | NOTE | |||
r-prerel-macos-x86_64 | 4.0.1 | 170.00 | NOTE | |||
r-prerel-windows-x86_64 | 4.0.1 | 18.00 | 174.00 | 192.00 | NOTE | |
r-patched-linux-x86_64 | 4.0.1 | 27.94 | 197.86 | 225.80 | OK | |
r-release-linux-x86_64 | 4.0.1 | 15.21 | 197.25 | 212.46 | OK | |
r-release-macos-arm64 | 4.0.1 | 89.00 | NOTE | |||
r-release-macos-x86_64 | 4.0.1 | 190.00 | NOTE | |||
r-release-windows-x86_64 | 4.0.1 | 24.00 | 216.00 | 240.00 | NOTE | |
r-oldrel-macos-arm64 | 4.0.1 | 88.00 | NOTE | |||
r-oldrel-windows-x86_64 | 4.0.1 | 25.00 | 205.00 | 230.00 | NOTE |
Version: 4.0.1
Check: installed package size
Result: NOTE
installed size is 5.5Mb
sub-directories of 1Mb or more:
help 5.2Mb
Flavors: r-devel-linux-x86_64-fedora-clang, r-prerel-macos-arm64, r-prerel-macos-x86_64, r-prerel-windows-x86_64, r-release-macos-arm64, r-release-macos-x86_64, r-release-windows-x86_64, r-oldrel-macos-arm64, r-oldrel-windows-x86_64
Version: 4.0.1
Check: Rd cross-references
Result: NOTE
Undeclared package ‘gratia’ in Rd xrefs
Flavor: r-devel-linux-x86_64-fedora-clang