Last updated on 2024-04-24 07:57:41 CEST.
Flavor | Version | Tinstall | Tcheck | Ttotal | Status | Flags |
---|---|---|---|---|---|---|
r-devel-linux-x86_64-debian-clang | 1.4.0.1 | 1056.53 | 114.73 | 1171.26 | OK | |
r-devel-linux-x86_64-debian-gcc | 1.4.0.1 | 914.07 | 118.79 | 1032.86 | OK | |
r-devel-linux-x86_64-fedora-clang | 1.4.0.1 | 1921.08 | NOTE | |||
r-devel-linux-x86_64-fedora-gcc | 1.4.0.1 | 1874.21 | OK | |||
r-prerel-macos-arm64 | 1.4.0.1 | 432.00 | NOTE | |||
r-prerel-macos-x86_64 | 1.4.0.1 | 777.00 | NOTE | |||
r-prerel-windows-x86_64 | 1.4.0.1 | 564.00 | 224.00 | 788.00 | NOTE | |
r-patched-linux-x86_64 | 1.4.0.1 | 1052.60 | 152.60 | 1205.20 | OK | |
r-release-linux-x86_64 | 1.4.0.1 | 1062.28 | 149.78 | 1212.06 | OK | |
r-release-macos-arm64 | 1.4.0.1 | 418.00 | NOTE | |||
r-release-macos-x86_64 | 1.4.0.1 | 698.00 | NOTE | |||
r-release-windows-x86_64 | 1.4.0.1 | 1003.00 | 269.00 | 1272.00 | NOTE | |
r-oldrel-macos-arm64 | 1.4.0.1 | 408.00 | NOTE | |||
r-oldrel-windows-x86_64 | 1.4.0.1 | 935.00 | 226.00 | 1161.00 | NOTE |
Version: 1.4.0.1
Check: installed package size
Result: NOTE
installed size is 12.8Mb
sub-directories of 1Mb or more:
libs 11.9Mb
Flavors: r-devel-linux-x86_64-fedora-clang, r-prerel-macos-arm64, r-prerel-macos-x86_64, r-prerel-windows-x86_64, r-release-macos-arm64, r-release-macos-x86_64, r-release-windows-x86_64, r-oldrel-macos-arm64, r-oldrel-windows-x86_64