Last updated on 2024-04-24 07:57:41 CEST.
Flavor | Version | Tinstall | Tcheck | Ttotal | Status | Flags |
---|---|---|---|---|---|---|
r-devel-linux-x86_64-debian-clang | 2.7.8 | 9.32 | 91.06 | 100.38 | NOTE | |
r-devel-linux-x86_64-debian-gcc | 2.7.8 | 6.98 | 67.70 | 74.68 | NOTE | |
r-devel-linux-x86_64-fedora-clang | 2.7.8 | 124.15 | NOTE | |||
r-devel-linux-x86_64-fedora-gcc | 2.7.8 | 132.32 | NOTE | |||
r-prerel-macos-arm64 | 2.7.8 | 54.00 | NOTE | |||
r-prerel-windows-x86_64 | 2.7.8 | 11.00 | 96.00 | 107.00 | NOTE | |
r-patched-linux-x86_64 | 2.7.8 | 12.39 | 86.75 | 99.14 | NOTE | |
r-release-linux-x86_64 | 2.7.8 | 8.98 | 86.43 | 95.41 | OK | |
r-release-macos-arm64 | 2.7.8 | 54.00 | OK | |||
r-release-macos-x86_64 | 2.7.8 | 96.00 | OK | |||
r-release-windows-x86_64 | 2.7.8 | 14.00 | 108.00 | 122.00 | OK | |
r-oldrel-macos-arm64 | 2.7.8 | 49.00 | OK | |||
r-oldrel-windows-x86_64 | 2.7.8 | 15.00 | 104.00 | 119.00 | OK |
Version: 2.7.8
Check: Rd files
Result: NOTE
checkRd: (-1) google_find_place.Rd:67: Lost braces in \itemize; meant \describe ?
checkRd: (-1) google_find_place.Rd:68: Lost braces in \itemize; meant \describe ?
checkRd: (-1) google_find_place.Rd:69: Lost braces in \itemize; meant \describe ?
checkRd: (-1) google_map.Rd:54: Lost braces; missing escapes or markup?
54 | of `{sf}` objects).}
| ^
Flavors: r-devel-linux-x86_64-debian-clang, r-devel-linux-x86_64-debian-gcc, r-devel-linux-x86_64-fedora-clang, r-devel-linux-x86_64-fedora-gcc, r-prerel-macos-arm64, r-prerel-windows-x86_64, r-patched-linux-x86_64