Last updated on 2023-09-28 08:58:52 CEST.
Flavor | Version | Tinstall | Tcheck | Ttotal | Status | Flags |
---|---|---|---|---|---|---|
r-devel-linux-x86_64-debian-clang | 1.1-3.2 | 16.43 | 118.44 | 134.87 | OK | |
r-devel-linux-x86_64-debian-gcc | 1.1-3.2 | 12.04 | 87.00 | 99.04 | OK | |
r-devel-linux-x86_64-fedora-clang | 1.1-3.2 | 159.13 | NOTE | |||
r-devel-linux-x86_64-fedora-gcc | 1.1-3.2 | 154.39 | OK | |||
r-devel-windows-x86_64 | 1.1-3.2 | 13.00 | 95.00 | 108.00 | OK | |
r-patched-linux-x86_64 | 1.1-3.2 | 15.02 | 113.23 | 128.25 | OK | |
r-release-linux-x86_64 | 1.1-3.2 | 12.67 | 110.41 | 123.08 | OK | |
r-release-macos-arm64 | 1.1-3.2 | 46.00 | OK | |||
r-release-macos-x86_64 | 1.1-3.2 | 71.00 | OK | |||
r-release-windows-x86_64 | 1.1-3.2 | 17.00 | 113.00 | 130.00 | OK | |
r-oldrel-macos-arm64 | 1.1-3.2 | 41.00 | OK | |||
r-oldrel-macos-x86_64 | 1.1-3.2 | 88.00 | OK | |||
r-oldrel-windows-x86_64 | 1.1-3.2 | 19.00 | 119.00 | 138.00 | OK |
Version: 1.1-3.2
Check: Rd cross-references
Result: NOTE
Undeclared package ‘sandwich’ in Rd xrefs
Flavor: r-devel-linux-x86_64-fedora-clang