CRAN Package Check Results for Package gluvarpro

Last updated on 2023-09-22 19:54:33 CEST.

Flavor Version Tinstall Tcheck Ttotal Status Flags
r-devel-linux-x86_64-debian-clang 7.0 11.69 87.42 99.11 OK
r-devel-linux-x86_64-debian-gcc 7.0 9.24 61.66 70.90 OK
r-devel-linux-x86_64-fedora-clang 7.0 119.23 OK
r-devel-linux-x86_64-fedora-gcc 7.0 112.78 OK
r-devel-windows-x86_64 7.0 11.00 82.00 93.00 OK
r-patched-linux-x86_64 7.0 7.67 83.02 90.69 OK
r-release-linux-x86_64 7.0 9.14 82.54 91.68 OK
r-release-macos-arm64 7.0 36.00 OK
r-release-macos-x86_64 7.0 69.00 ERROR
r-release-windows-x86_64 7.0 14.00 97.00 111.00 OK
r-oldrel-macos-arm64 7.0 33.00 OK
r-oldrel-macos-x86_64 7.0 55.00 ERROR
r-oldrel-windows-x86_64 7.0 14.00 104.00 118.00 OK

Check Details

Version: 7.0
Check: examples
Result: ERROR
    Running examples in ‘gluvarpro-Ex.R’ failed
    The error most likely occurred in:
    
    > ### Name: preprocessgvp
    > ### Title: preprocessing raw data from continuous glucose monitoring
    > ### Aliases: preprocessgvp
    >
    > ### ** Examples
    >
    > data("datagvp4")
    > preprocessgvp(datagvp4)
    Error in preprocessgvp(datagvp4) :
     Variable date and time must have yyyy/mm/dd and hh:mm:ss format.
    Execution halted
Flavors: r-release-macos-x86_64, r-oldrel-macos-x86_64