Last updated on 2024-04-19 19:50:15 CEST.
Flavor | Version | Tinstall | Tcheck | Ttotal | Status | Flags |
---|---|---|---|---|---|---|
r-devel-linux-x86_64-debian-clang | 7.0 | 13.50 | 86.74 | 100.24 | OK | |
r-devel-linux-x86_64-debian-gcc | 7.0 | OK | ||||
r-devel-linux-x86_64-fedora-clang | 7.0 | 122.18 | OK | |||
r-devel-linux-x86_64-fedora-gcc | 7.0 | 121.47 | OK | |||
r-prerel-macos-arm64 | 7.0 | 34.00 | OK | |||
r-prerel-windows-x86_64 | 7.0 | 12.00 | 84.00 | 96.00 | OK | |
r-patched-linux-x86_64 | 7.0 | 12.68 | 81.33 | 94.01 | OK | |
r-release-linux-x86_64 | 7.0 | 8.75 | 81.79 | 90.54 | OK | |
r-release-macos-arm64 | 7.0 | 36.00 | OK | |||
r-release-macos-x86_64 | 7.0 | 69.00 | ERROR | |||
r-release-windows-x86_64 | 7.0 | 14.00 | 94.00 | 108.00 | OK | |
r-oldrel-macos-arm64 | 7.0 | 33.00 | OK | |||
r-oldrel-windows-x86_64 | 7.0 | 15.00 | 104.00 | 119.00 | OK |
Version: 7.0
Check: examples
Result: ERROR
Running examples in ‘gluvarpro-Ex.R’ failed
The error most likely occurred in:
> ### Name: preprocessgvp
> ### Title: preprocessing raw data from continuous glucose monitoring
> ### Aliases: preprocessgvp
>
> ### ** Examples
>
> data("datagvp4")
> preprocessgvp(datagvp4)
Error in preprocessgvp(datagvp4) :
Variable date and time must have yyyy/mm/dd and hh:mm:ss format.
Execution halted
Flavor: r-release-macos-x86_64