Last updated on 2023-09-24 08:58:19 CEST.
Flavor | Version | Tinstall | Tcheck | Ttotal | Status | Flags |
---|---|---|---|---|---|---|
r-devel-linux-x86_64-debian-clang | 0.11.0 | 39.54 | 71.99 | 111.53 | OK | |
r-devel-linux-x86_64-debian-gcc | 0.11.0 | 31.44 | 53.07 | 84.51 | OK | |
r-devel-linux-x86_64-fedora-clang | 0.11.0 | 145.85 | OK | |||
r-devel-linux-x86_64-fedora-gcc | 0.11.0 | 159.42 | OK | |||
r-devel-windows-x86_64 | 0.11.0 | 37.00 | 95.00 | 132.00 | OK | |
r-patched-linux-x86_64 | 0.11.0 | 39.63 | 68.38 | 108.01 | OK | |
r-release-linux-x86_64 | 0.11.0 | 41.40 | 68.02 | 109.42 | OK | |
r-release-macos-arm64 | 0.11.0 | 51.00 | NOTE | |||
r-release-macos-x86_64 | 0.11.0 | 78.00 | NOTE | |||
r-release-windows-x86_64 | 0.11.0 | 44.00 | 108.00 | 152.00 | OK | |
r-oldrel-macos-arm64 | 0.11.0 | 47.00 | NOTE | |||
r-oldrel-macos-x86_64 | 0.11.0 | 62.00 | NOTE | |||
r-oldrel-windows-x86_64 | 0.11.0 | 42.00 | 109.00 | 151.00 | OK |
Version: 0.11.0
Check: installed package size
Result: NOTE
installed size is 12.1Mb
sub-directories of 1Mb or more:
doc 1.3Mb
libs 10.4Mb
Flavors: r-release-macos-arm64, r-release-macos-x86_64, r-oldrel-macos-arm64, r-oldrel-macos-x86_64