Last updated on 2024-04-26 08:54:58 CEST.
Flavor | Version | Tinstall | Tcheck | Ttotal | Status | Flags |
---|---|---|---|---|---|---|
r-devel-linux-x86_64-debian-clang | 0.0.112 | 12.32 | 71.03 | 83.35 | OK | |
r-devel-linux-x86_64-debian-gcc | 0.0.112 | 8.53 | 52.04 | 60.57 | OK | |
r-devel-linux-x86_64-fedora-clang | 0.0.112 | 102.87 | NOTE | |||
r-devel-linux-x86_64-fedora-gcc | 0.0.112 | 105.73 | NOTE | |||
r-devel-windows-x86_64 | 0.0.112 | 12.00 | 72.00 | 84.00 | OK | |
r-patched-linux-x86_64 | 0.0.112 | 7.93 | 68.12 | 76.05 | OK | |
r-release-linux-x86_64 | 0.0.112 | 7.31 | 68.02 | 75.33 | OK | |
r-release-macos-arm64 | 0.0.112 | 35.00 | OK | |||
r-release-windows-x86_64 | 0.0.112 | 13.00 | 71.00 | 84.00 | OK | |
r-oldrel-macos-arm64 | 0.0.112 | 37.00 | OK | |||
r-oldrel-macos-x86_64 | 0.0.112 | 59.00 | OK | |||
r-oldrel-windows-x86_64 | 0.0.112 | 17.00 | 82.00 | 99.00 | OK |
Version: 0.0.112
Check: dependencies in R code
Result: NOTE
Namespace in Imports field not imported from: ‘rnaturalearthdata’
All declared Imports should be used.
Flavors: r-devel-linux-x86_64-fedora-clang, r-devel-linux-x86_64-fedora-gcc
Version: 0.0.112
Check: data for non-ASCII characters
Result: NOTE
Note: found 1191 marked UTF-8 strings
Flavors: r-devel-linux-x86_64-fedora-clang, r-devel-linux-x86_64-fedora-gcc