Last updated on 2023-10-04 08:01:39 CEST.
Flavor | Version | Tinstall | Tcheck | Ttotal | Status | Flags |
---|---|---|---|---|---|---|
r-devel-linux-x86_64-debian-clang | 0.0.112 | 11.44 | 69.44 | 80.88 | OK | |
r-devel-linux-x86_64-debian-gcc | 0.0.112 | 10.87 | 52.13 | 63.00 | OK | |
r-devel-linux-x86_64-fedora-clang | 0.0.112 | 101.54 | NOTE | |||
r-devel-linux-x86_64-fedora-gcc | 0.0.112 | 106.86 | NOTE | |||
r-devel-windows-x86_64 | 0.0.112 | 13.00 | 72.00 | 85.00 | OK | |
r-patched-linux-x86_64 | 0.0.112 | 11.83 | 68.10 | 79.93 | OK | |
r-release-linux-x86_64 | 0.0.112 | 8.74 | 67.99 | 76.73 | OK | |
r-release-macos-arm64 | 0.0.112 | 37.00 | OK | |||
r-release-macos-x86_64 | 0.0.112 | 59.00 | OK | |||
r-release-windows-x86_64 | 0.0.112 | 17.00 | 84.00 | 101.00 | OK | |
r-oldrel-macos-arm64 | 0.0.112 | 34.00 | NOTE | |||
r-oldrel-macos-x86_64 | 0.0.112 | 59.00 | NOTE | |||
r-oldrel-windows-x86_64 | 0.0.112 | 16.00 | 84.00 | 100.00 | OK |
Version: 0.0.112
Check: dependencies in R code
Result: NOTE
Namespace in Imports field not imported from: ‘rnaturalearthdata’
All declared Imports should be used.
Flavors: r-devel-linux-x86_64-fedora-clang, r-devel-linux-x86_64-fedora-gcc, r-oldrel-macos-arm64, r-oldrel-macos-x86_64
Version: 0.0.112
Check: data for non-ASCII characters
Result: NOTE
Note: found 1191 marked UTF-8 strings
Flavors: r-devel-linux-x86_64-fedora-clang, r-devel-linux-x86_64-fedora-gcc, r-oldrel-macos-arm64, r-oldrel-macos-x86_64