Last updated on 2023-06-01 19:52:34 CEST.
Flavor | Version | Tinstall | Tcheck | Ttotal | Status | Flags |
---|---|---|---|---|---|---|
r-devel-linux-x86_64-debian-clang | 1.0.8 | 6.75 | 47.53 | 54.28 | NOTE | |
r-devel-linux-x86_64-debian-gcc | 1.0.8 | 6.80 | 37.41 | 44.21 | NOTE | |
r-devel-linux-x86_64-fedora-clang | 1.0.8 | 71.01 | NOTE | |||
r-devel-linux-x86_64-fedora-gcc | 1.0.8 | 69.74 | NOTE | |||
r-devel-windows-x86_64 | 1.0.8 | 15.00 | 58.00 | 73.00 | NOTE | |
r-patched-linux-x86_64 | 1.0.8 | NOTE | ||||
r-release-linux-x86_64 | 1.0.8 | 6.13 | 47.23 | 53.36 | NOTE | |
r-release-macos-arm64 | 1.0.8 | 25.00 | NOTE | |||
r-release-macos-x86_64 | 1.0.8 | 40.00 | NOTE | |||
r-release-windows-x86_64 | 1.0.8 | 9.00 | 63.00 | 72.00 | NOTE | |
r-oldrel-macos-arm64 | 1.0.8 | 23.00 | OK | |||
r-oldrel-macos-x86_64 | 1.0.8 | 35.00 | OK | |||
r-oldrel-windows-x86_64 | 1.0.8 | 12.00 | 67.00 | 79.00 | OK |
Version: 1.0.8
Check: Rd files
Result: NOTE
checkRd: (-1) coef.glmulti.Rd:26: Escaped LaTeX specials: \&
checkRd: (-1) coef.glmulti.Rd:27: Escaped LaTeX specials: \&
checkRd: (-1) coef.glmulti.Rd:51: Escaped LaTeX specials: \&
checkRd: (-1) coef.glmulti.Rd:60: Escaped LaTeX specials: \&
checkRd: (-1) coef.glmulti.Rd:61: Escaped LaTeX specials: \&
checkRd: (-1) consensus.Rd:29: Escaped LaTeX specials: \&
checkRd: (-1) getfit.Rd:26: Escaped LaTeX specials: \&
checkRd: (-1) glmulti-class.Rd:26: Escaped LaTeX specials: \&
checkRd: (-1) glmulti.Rd:99: Escaped LaTeX specials: \&
checkRd: (-1) summary.glmulti.Rd:72: Escaped LaTeX specials: \&
Flavors: r-devel-linux-x86_64-debian-clang, r-devel-linux-x86_64-debian-gcc, r-devel-linux-x86_64-fedora-clang, r-devel-linux-x86_64-fedora-gcc, r-devel-windows-x86_64, r-patched-linux-x86_64, r-release-linux-x86_64, r-release-macos-arm64, r-release-macos-x86_64, r-release-windows-x86_64