Last updated on 2023-10-04 08:01:39 CEST.
Flavor | Version | Tinstall | Tcheck | Ttotal | Status | Flags |
---|---|---|---|---|---|---|
r-devel-linux-x86_64-debian-clang | 0.1.7 | 324.40 | 263.01 | 587.41 | NOTE | |
r-devel-linux-x86_64-debian-gcc | 0.1.7 | 218.46 | 200.68 | 419.14 | NOTE | |
r-devel-linux-x86_64-fedora-clang | 0.1.7 | 705.51 | NOTE | |||
r-devel-linux-x86_64-fedora-gcc | 0.1.7 | 802.51 | NOTE | |||
r-devel-windows-x86_64 | 0.1.7 | 195.00 | 237.00 | 432.00 | NOTE | |
r-patched-linux-x86_64 | 0.1.7 | 202.65 | 260.61 | 463.26 | NOTE | |
r-release-linux-x86_64 | 0.1.7 | 216.98 | 267.69 | 484.67 | NOTE | |
r-release-macos-arm64 | 0.1.7 | 138.00 | NOTE | |||
r-release-macos-x86_64 | 0.1.7 | 195.00 | NOTE | |||
r-release-windows-x86_64 | 0.1.7 | 263.00 | 292.00 | 555.00 | NOTE | |
r-oldrel-macos-arm64 | 0.1.7 | 111.00 | NOTE | |||
r-oldrel-macos-x86_64 | 0.1.7 | 158.00 | NOTE | |||
r-oldrel-windows-x86_64 | 0.1.7 | 255.00 | 277.00 | 532.00 | NOTE |
Version: 0.1.7
Check: for GNU extensions in Makefiles
Result: NOTE
GNU make is a SystemRequirements.
Flavors: r-devel-linux-x86_64-debian-clang, r-devel-linux-x86_64-debian-gcc, r-devel-linux-x86_64-fedora-clang, r-devel-linux-x86_64-fedora-gcc, r-devel-windows-x86_64, r-patched-linux-x86_64, r-release-linux-x86_64, r-release-macos-arm64, r-release-macos-x86_64, r-release-windows-x86_64, r-oldrel-macos-arm64, r-oldrel-macos-x86_64, r-oldrel-windows-x86_64
Version: 0.1.7
Check: installed package size
Result: NOTE
installed size is 50.5Mb
sub-directories of 1Mb or more:
libs 49.8Mb
Flavors: r-release-macos-arm64, r-release-macos-x86_64, r-oldrel-macos-arm64, r-oldrel-macos-x86_64