Last updated on 2023-05-29 08:55:00 CEST.
Flavor | Version | Tinstall | Tcheck | Ttotal | Status | Flags |
---|---|---|---|---|---|---|
r-devel-linux-x86_64-debian-clang | 1.5.3.4 | 515.74 | 211.55 | 727.29 | NOTE | |
r-devel-linux-x86_64-debian-gcc | 1.5.3.4 | 465.97 | 174.76 | 640.73 | NOTE | |
r-devel-linux-x86_64-fedora-clang | 1.5.3.4 | 1009.66 | NOTE | |||
r-devel-linux-x86_64-fedora-gcc | 1.5.3.4 | 1213.45 | NOTE | |||
r-devel-windows-x86_64 | 1.5.3.4 | 427.00 | 190.00 | 617.00 | NOTE | |
r-patched-linux-x86_64 | 1.5.3.4 | 466.64 | 225.41 | 692.05 | NOTE | |
r-release-linux-x86_64 | 1.5.3.4 | 461.69 | 219.59 | 681.28 | NOTE | |
r-release-macos-arm64 | 1.5.3.4 | 294.00 | NOTE | |||
r-release-macos-x86_64 | 1.5.3.4 | 442.00 | NOTE | |||
r-release-windows-x86_64 | 1.5.3.4 | 563.00 | 255.00 | 818.00 | NOTE | |
r-oldrel-macos-arm64 | 1.5.3.4 | 280.00 | NOTE | |||
r-oldrel-macos-x86_64 | 1.5.3.4 | 329.00 | NOTE | |||
r-oldrel-windows-x86_64 | 1.5.3.4 | 525.00 | 237.00 | 762.00 | NOTE |
Version: 1.5.3.4
Check: for GNU extensions in Makefiles
Result: NOTE
GNU make is a SystemRequirements.
Flavors: r-devel-linux-x86_64-debian-clang, r-devel-linux-x86_64-debian-gcc, r-devel-linux-x86_64-fedora-clang, r-devel-linux-x86_64-fedora-gcc, r-devel-windows-x86_64, r-patched-linux-x86_64, r-release-linux-x86_64, r-release-macos-arm64, r-release-macos-x86_64, r-release-windows-x86_64, r-oldrel-macos-arm64, r-oldrel-macos-x86_64, r-oldrel-windows-x86_64
Version: 1.5.3.4
Check: installed package size
Result: NOTE
installed size is 5.0Mb
sub-directories of 1Mb or more:
libs 3.9Mb
Flavors: r-devel-linux-x86_64-fedora-clang, r-release-macos-arm64, r-release-macos-x86_64, r-oldrel-macos-arm64, r-oldrel-macos-x86_64
Version: 1.5.3.4
Check: dependencies in R code
Result: NOTE
Namespace in Imports field not imported from: ‘survival’
All declared Imports should be used.
Flavors: r-devel-linux-x86_64-fedora-clang, r-devel-linux-x86_64-fedora-gcc