Last updated on 2024-04-26 08:54:58 CEST.
Flavor | Version | Tinstall | Tcheck | Ttotal | Status | Flags |
---|---|---|---|---|---|---|
r-devel-linux-x86_64-debian-clang | 1.6.3 | 84.21 | 176.86 | 261.07 | OK | |
r-devel-linux-x86_64-debian-gcc | 1.6.3 | 70.56 | 123.26 | 193.82 | OK | |
r-devel-linux-x86_64-fedora-clang | 1.6.3 | 332.38 | NOTE | |||
r-devel-linux-x86_64-fedora-gcc | 1.6.3 | 346.70 | OK | |||
r-devel-windows-x86_64 | 1.6.3 | 63.00 | 131.00 | 194.00 | OK | |
r-patched-linux-x86_64 | 1.6.3 | 75.74 | 165.84 | 241.58 | OK | |
r-release-linux-x86_64 | 1.6.3 | 80.56 | 177.32 | 257.88 | OK | |
r-release-macos-arm64 | 1.6.3 | 73.00 | NOTE | |||
r-release-windows-x86_64 | 1.6.3 | 65.00 | 137.00 | 202.00 | OK | |
r-oldrel-macos-arm64 | 1.6.3 | 73.00 | NOTE | |||
r-oldrel-macos-x86_64 | 1.6.3 | 179.00 | NOTE | |||
r-oldrel-windows-x86_64 | 1.6.3 | 84.00 | 168.00 | 252.00 | OK |
Version: 1.6.3
Check: Rd cross-references
Result: NOTE
Undeclared package ‘GMMBoost’ in Rd xrefs
Flavor: r-devel-linux-x86_64-fedora-clang
Version: 1.6.3
Check: installed package size
Result: NOTE
installed size is 10.6Mb
sub-directories of 1Mb or more:
libs 10.0Mb
Flavors: r-release-macos-arm64, r-oldrel-macos-arm64, r-oldrel-macos-x86_64