Last updated on 2023-09-20 19:54:44 CEST.
Flavor | Version | Tinstall | Tcheck | Ttotal | Status | Flags |
---|---|---|---|---|---|---|
r-devel-linux-x86_64-debian-clang | 1.0.1 | 7.74 | 82.11 | 89.85 | NOTE | |
r-devel-linux-x86_64-debian-gcc | 1.0.1 | 5.58 | 59.71 | 65.29 | NOTE | |
r-devel-linux-x86_64-fedora-clang | 1.0.1 | 107.29 | NOTE | |||
r-devel-linux-x86_64-fedora-gcc | 1.0.1 | 115.20 | NOTE | |||
r-devel-windows-x86_64 | 1.0.1 | 6.00 | 77.00 | 83.00 | NOTE | |
r-patched-linux-x86_64 | 1.0.1 | 4.46 | 76.74 | 81.20 | NOTE | |
r-release-linux-x86_64 | 1.0.1 | 6.61 | 76.62 | 83.23 | NOTE | |
r-release-macos-arm64 | 1.0.1 | 38.00 | NOTE | |||
r-release-macos-x86_64 | 1.0.1 | 63.00 | NOTE | |||
r-release-windows-x86_64 | 1.0.1 | 10.00 | 92.00 | 102.00 | NOTE | |
r-oldrel-macos-arm64 | 1.0.1 | 37.00 | NOTE | |||
r-oldrel-macos-x86_64 | 1.0.1 | 74.00 | NOTE | |||
r-oldrel-windows-x86_64 | 1.0.1 | 10.00 | 96.00 | 106.00 | NOTE |
Version: 1.0.1
Check: LazyData
Result: NOTE
'LazyData' is specified without a 'data' directory
Flavors: r-devel-linux-x86_64-debian-clang, r-devel-linux-x86_64-debian-gcc, r-devel-linux-x86_64-fedora-clang, r-devel-linux-x86_64-fedora-gcc, r-devel-windows-x86_64, r-patched-linux-x86_64, r-release-linux-x86_64, r-release-macos-arm64, r-release-macos-x86_64, r-release-windows-x86_64, r-oldrel-macos-arm64, r-oldrel-macos-x86_64, r-oldrel-windows-x86_64