Last updated on 2024-04-22 19:56:13 CEST.
Flavor | Version | Tinstall | Tcheck | Ttotal | Status | Flags |
---|---|---|---|---|---|---|
r-devel-linux-x86_64-debian-clang | 3.0.1 | 105.59 | 37.05 | 142.64 | NOTE | |
r-devel-linux-x86_64-debian-gcc | 3.0.1 | 252.34 | 28.08 | 280.42 | NOTE | |
r-devel-linux-x86_64-fedora-clang | 3.0.1 | 183.57 | NOTE | |||
r-devel-linux-x86_64-fedora-gcc | 3.0.1 | 423.46 | NOTE | |||
r-prerel-macos-arm64 | 3.0.1 | 52.00 | NOTE | |||
r-prerel-windows-x86_64 | 3.0.1 | 304.00 | 69.00 | 373.00 | NOTE | |
r-patched-linux-x86_64 | 3.0.1 | 292.10 | 35.73 | 327.83 | NOTE | |
r-release-linux-x86_64 | 3.0.1 | 270.54 | 36.11 | 306.65 | NOTE | |
r-release-macos-arm64 | 3.0.1 | 62.00 | NOTE | |||
r-release-macos-x86_64 | 3.0.1 | 123.00 | NOTE | |||
r-release-windows-x86_64 | 3.0.1 | 315.00 | 79.00 | 394.00 | NOTE | |
r-oldrel-macos-arm64 | 3.0.1 | 61.00 | NOTE | |||
r-oldrel-windows-x86_64 | 3.0.1 | 100.00 | 76.00 | 176.00 | OK |
Version: 3.0.1
Check: C++ specification
Result: NOTE
Specified C++11: please drop specification unless essential
Flavors: r-devel-linux-x86_64-debian-clang, r-devel-linux-x86_64-debian-gcc, r-devel-linux-x86_64-fedora-clang, r-devel-linux-x86_64-fedora-gcc, r-prerel-macos-arm64, r-prerel-windows-x86_64, r-patched-linux-x86_64, r-release-linux-x86_64, r-release-macos-arm64, r-release-macos-x86_64, r-release-windows-x86_64
Version: 3.0.1
Check: installed package size
Result: NOTE
installed size is 9.9Mb
sub-directories of 1Mb or more:
libs 9.8Mb
Flavors: r-prerel-macos-arm64, r-release-macos-arm64, r-release-macos-x86_64, r-oldrel-macos-arm64