Last updated on 2023-06-05 08:53:29 CEST.
Flavor | Version | Tinstall | Tcheck | Ttotal | Status | Flags |
---|---|---|---|---|---|---|
r-devel-linux-x86_64-debian-clang | 2.6.2 | 58.99 | 117.11 | 176.10 | NOTE | |
r-devel-linux-x86_64-debian-gcc | 2.6.2 | 47.72 | 86.39 | 134.11 | NOTE | |
r-devel-linux-x86_64-fedora-clang | 2.6.2 | 243.83 | NOTE | |||
r-devel-linux-x86_64-fedora-gcc | 2.6.2 | 249.90 | NOTE | |||
r-devel-windows-x86_64 | 2.6.2 | 51.00 | 119.00 | 170.00 | NOTE | |
r-patched-linux-x86_64 | 2.6.2 | 51.00 | 110.51 | 161.51 | NOTE | |
r-release-linux-x86_64 | 2.6.2 | 58.41 | 112.37 | 170.78 | NOTE | |
r-release-macos-arm64 | 2.6.2 | 71.00 | NOTE | |||
r-release-macos-x86_64 | 2.6.2 | 118.00 | NOTE | |||
r-release-windows-x86_64 | 2.6.2 | 64.00 | 144.00 | 208.00 | NOTE | |
r-oldrel-macos-arm64 | 2.6.2 | 56.00 | OK | |||
r-oldrel-macos-x86_64 | 2.6.2 | 74.00 | OK | |||
r-oldrel-windows-x86_64 | 2.6.2 | 67.00 | 139.00 | 206.00 | OK |
Version: 2.6.2
Check: C++ specification
Result: NOTE
Specified C++11: please drop specification unless essential
Flavors: r-devel-linux-x86_64-debian-clang, r-devel-linux-x86_64-debian-gcc, r-devel-linux-x86_64-fedora-clang, r-devel-linux-x86_64-fedora-gcc, r-devel-windows-x86_64, r-patched-linux-x86_64, r-release-linux-x86_64, r-release-macos-arm64, r-release-macos-x86_64, r-release-windows-x86_64