Last updated on 2024-04-26 08:54:58 CEST.
Flavor | Version | Tinstall | Tcheck | Ttotal | Status | Flags |
---|---|---|---|---|---|---|
r-devel-linux-x86_64-debian-clang | 0.8.0 | 4.36 | 62.25 | 66.61 | NOTE | |
r-devel-linux-x86_64-debian-gcc | 0.8.0 | 3.16 | 49.26 | 52.42 | NOTE | |
r-devel-linux-x86_64-fedora-clang | 0.8.0 | 84.21 | NOTE | |||
r-devel-linux-x86_64-fedora-gcc | 0.8.0 | 95.35 | NOTE | |||
r-devel-windows-x86_64 | 0.8.0 | 4.00 | 174.00 | 178.00 | NOTE | |
r-patched-linux-x86_64 | 0.8.0 | 3.20 | 60.61 | 63.81 | NOTE | |
r-release-linux-x86_64 | 0.8.0 | 4.22 | 61.58 | 65.80 | NOTE | |
r-release-macos-arm64 | 0.8.0 | 50.00 | NOTE | |||
r-release-windows-x86_64 | 0.8.0 | 4.00 | 177.00 | 181.00 | NOTE | |
r-oldrel-macos-arm64 | 0.8.0 | 45.00 | NOTE | |||
r-oldrel-macos-x86_64 | 0.8.0 | 60.00 | NOTE | |||
r-oldrel-windows-x86_64 | 0.8.0 | 5.00 | 517.00 | 522.00 | NOTE |
Version: 0.8.0
Check: LazyData
Result: NOTE
'LazyData' is specified without a 'data' directory
Flavors: r-devel-linux-x86_64-debian-clang, r-devel-linux-x86_64-debian-gcc, r-devel-linux-x86_64-fedora-clang, r-devel-linux-x86_64-fedora-gcc, r-devel-windows-x86_64, r-patched-linux-x86_64, r-release-linux-x86_64, r-release-macos-arm64, r-release-windows-x86_64, r-oldrel-macos-arm64, r-oldrel-macos-x86_64, r-oldrel-windows-x86_64