Last updated on 2023-09-29 08:54:00 CEST.
Flavor | Version | Tinstall | Tcheck | Ttotal | Status | Flags |
---|---|---|---|---|---|---|
r-devel-linux-x86_64-debian-clang | 1.0.4 | 5.95 | 54.81 | 60.76 | OK | |
r-devel-linux-x86_64-debian-gcc | 1.0.4 | 4.84 | 40.78 | 45.62 | OK | |
r-devel-linux-x86_64-fedora-clang | 1.0.4 | 73.97 | NOTE | |||
r-devel-linux-x86_64-fedora-gcc | 1.0.4 | 81.89 | OK | |||
r-devel-windows-x86_64 | 1.0.4 | 7.00 | 61.00 | 68.00 | OK | |
r-patched-linux-x86_64 | 1.0.4 | 4.87 | 50.97 | 55.84 | OK | |
r-release-linux-x86_64 | 1.0.4 | 5.04 | 52.46 | 57.50 | OK | |
r-release-macos-arm64 | 1.0.4 | 33.00 | OK | |||
r-release-macos-x86_64 | 1.0.4 | 49.00 | OK | |||
r-release-windows-x86_64 | 1.0.4 | 9.00 | 67.00 | 76.00 | OK | |
r-oldrel-macos-arm64 | 1.0.4 | 32.00 | OK | |||
r-oldrel-macos-x86_64 | 1.0.4 | 37.00 | OK | |||
r-oldrel-windows-x86_64 | 1.0.4 | 9.00 | 70.00 | 79.00 | OK |
Version: 1.0.4
Check: Rd cross-references
Result: NOTE
Undeclared package ‘rlang’ in Rd xrefs
Flavor: r-devel-linux-x86_64-fedora-clang