Last updated on 2024-04-17 19:58:39 CEST.
Flavor | Version | Tinstall | Tcheck | Ttotal | Status | Flags |
---|---|---|---|---|---|---|
r-devel-linux-x86_64-debian-clang | 1.0.2 | 7.05 | 346.93 | 353.98 | OK | |
r-devel-linux-x86_64-debian-gcc | 1.0.2 | 5.05 | 256.87 | 261.92 | OK | |
r-devel-linux-x86_64-fedora-clang | 1.0.2 | 444.64 | NOTE | |||
r-devel-linux-x86_64-fedora-gcc | 1.0.2 | 446.58 | OK | |||
r-prerel-macos-arm64 | 1.0.2 | 147.00 | OK | |||
r-prerel-windows-x86_64 | 1.0.2 | 8.00 | 297.00 | 305.00 | OK | |
r-patched-linux-x86_64 | 1.0.2 | 6.97 | 331.27 | 338.24 | OK | |
r-release-linux-x86_64 | 1.0.2 | 6.47 | 329.87 | 336.34 | OK | |
r-release-macos-arm64 | 1.0.2 | 153.00 | OK | |||
r-release-macos-x86_64 | 1.0.2 | 362.00 | OK | |||
r-release-windows-x86_64 | 1.0.2 | 9.00 | 517.00 | 526.00 | OK | |
r-oldrel-macos-arm64 | 1.0.2 | 156.00 | OK | |||
r-oldrel-windows-x86_64 | 1.0.2 | 9.00 | 515.00 | 524.00 | OK |
Version: 1.0.2
Check: Rd cross-references
Result: NOTE
Undeclared package ‘vipor’ in Rd xrefs
Flavor: r-devel-linux-x86_64-fedora-clang