Last updated on 2024-03-28 19:48:32 CET.
Flavor | Version | Tinstall | Tcheck | Ttotal | Status | Flags |
---|---|---|---|---|---|---|
r-devel-linux-x86_64-debian-clang | 0.1.3 | 10.27 | 75.88 | 86.15 | NOTE | |
r-devel-linux-x86_64-debian-gcc | 0.1.3 | 8.16 | 57.95 | 66.11 | NOTE | |
r-devel-linux-x86_64-fedora-clang | 0.1.3 | 112.72 | NOTE | |||
r-devel-linux-x86_64-fedora-gcc | 0.1.3 | 122.22 | NOTE | |||
r-devel-windows-x86_64 | 0.1.3 | 10.00 | 73.00 | 83.00 | NOTE | |
r-patched-linux-x86_64 | 0.1.3 | 6.47 | 71.43 | 77.90 | NOTE | |
r-release-linux-x86_64 | 0.1.3 | 6.54 | 70.97 | 77.51 | NOTE | |
r-release-macos-arm64 | 0.1.3 | 42.00 | NOTE | |||
r-release-macos-x86_64 | 0.1.3 | 75.00 | NOTE | |||
r-release-windows-x86_64 | 0.1.3 | 13.00 | 86.00 | 99.00 | NOTE | |
r-oldrel-macos-arm64 | 0.1.3 | 36.00 | NOTE | |||
r-oldrel-windows-x86_64 | 0.1.3 | 14.00 | 94.00 | 108.00 | NOTE |
Version: 0.1.3
Check: LazyData
Result: NOTE
'LazyData' is specified without a 'data' directory
Flavors: r-devel-linux-x86_64-debian-clang, r-devel-linux-x86_64-debian-gcc, r-devel-linux-x86_64-fedora-clang, r-devel-linux-x86_64-fedora-gcc, r-devel-windows-x86_64, r-patched-linux-x86_64, r-release-linux-x86_64, r-release-macos-arm64, r-release-macos-x86_64, r-release-windows-x86_64, r-oldrel-macos-arm64, r-oldrel-windows-x86_64
Version: 0.1.3
Check: dependencies in R code
Result: NOTE
Namespaces in Imports field not imported from:
‘gcookbook’ ‘ggthemes’ ‘moonBook’ ‘tidyverse’
All declared Imports should be used.
Flavors: r-devel-linux-x86_64-fedora-clang, r-devel-linux-x86_64-fedora-gcc, r-oldrel-macos-arm64