Last updated on 2024-04-24 20:54:07 CEST.
Flavor | Version | Tinstall | Tcheck | Ttotal | Status | Flags |
---|---|---|---|---|---|---|
r-devel-linux-x86_64-debian-clang | 3.5.0 | 31.44 | 589.79 | 621.23 | OK | |
r-devel-linux-x86_64-debian-gcc | 3.5.1 | 26.34 | 416.76 | 443.10 | OK | |
r-devel-linux-x86_64-fedora-clang | 3.5.1 | 793.32 | NOTE | |||
r-devel-linux-x86_64-fedora-gcc | 3.5.1 | 797.46 | OK | |||
r-devel-windows-x86_64 | 3.5.0 | 31.00 | 464.00 | 495.00 | NOTE | |
r-patched-linux-x86_64 | 3.5.0 | 46.17 | 557.29 | 603.46 | OK | |
r-release-linux-x86_64 | 3.5.0 | 30.00 | 541.98 | 571.98 | OK | |
r-release-macos-arm64 | 3.5.1 | 186.00 | NOTE | |||
r-release-macos-x86_64 | 3.5.1 | 603.00 | NOTE | |||
r-release-windows-x86_64 | 3.5.0 | 34.00 | 450.00 | 484.00 | NOTE | |
r-oldrel-macos-arm64 | 3.5.1 | 190.00 | NOTE | |||
r-oldrel-macos-x86_64 | 3.5.1 | 503.00 | NOTE | |||
r-oldrel-windows-x86_64 | 3.5.0 | 43.00 | 583.00 | 626.00 | NOTE |
Version: 3.5.1
Check: installed package size
Result: NOTE
installed size is 6.0Mb
sub-directories of 1Mb or more:
R 1.5Mb
doc 2.3Mb
help 1.2Mb
Flavors: r-devel-linux-x86_64-fedora-clang, r-release-macos-arm64, r-release-macos-x86_64, r-oldrel-macos-arm64, r-oldrel-macos-x86_64
Version: 3.5.1
Check: Rd cross-references
Result: NOTE
Undeclared packages ‘interp’, ‘akima’ in Rd xrefs
Flavor: r-devel-linux-x86_64-fedora-clang
Version: 3.5.0
Check: installed package size
Result: NOTE
installed size is 5.8Mb
sub-directories of 1Mb or more:
R 1.5Mb
doc 2.3Mb
help 1.1Mb
Flavors: r-devel-windows-x86_64, r-release-windows-x86_64, r-oldrel-windows-x86_64