CRAN Package Check Results for Package ggmotif

Last updated on 2023-09-22 19:54:33 CEST.

Flavor Version Tinstall Tcheck Ttotal Status Flags
r-devel-linux-x86_64-debian-clang 0.2.1 10.98 129.83 140.81 OK
r-devel-linux-x86_64-debian-gcc 0.2.1 8.55 94.87 103.42 OK
r-devel-linux-x86_64-fedora-clang 0.2.1 176.32 NOTE
r-devel-linux-x86_64-fedora-gcc 0.2.1 188.63 NOTE
r-devel-windows-x86_64 0.2.1 13.00 108.00 121.00 OK
r-patched-linux-x86_64 0.2.1 7.67 121.95 129.62 OK
r-release-linux-x86_64 0.2.1 8.23 123.61 131.84 OK
r-release-macos-arm64 0.2.1 7.00 ERROR
r-release-macos-x86_64 0.2.1 108.00 OK
r-release-windows-x86_64 0.2.1 13.00 130.00 143.00 OK
r-oldrel-macos-arm64 0.2.1 9.00 ERROR
r-oldrel-macos-x86_64 0.2.1 13.00 ERROR
r-oldrel-windows-x86_64 0.2.1 14.00 131.00 145.00 OK

Check Details

Version: 0.2.1
Check: dependencies in R code
Result: NOTE
    Namespaces in Imports field not imported from:
     ‘cowplot’ ‘ggsci’ ‘memes’ ‘universalmotif’
     All declared Imports should be used.
Flavors: r-devel-linux-x86_64-fedora-clang, r-devel-linux-x86_64-fedora-gcc

Version: 0.2.1
Check: package dependencies
Result: ERROR
    Packages required but not available: 'memes', 'universalmotif'
    
    See section ‘The DESCRIPTION file’ in the ‘Writing R Extensions’
    manual.
Flavors: r-release-macos-arm64, r-oldrel-macos-arm64, r-oldrel-macos-x86_64