Last updated on 2024-03-28 07:52:50 CET.
Flavor | Version | Tinstall | Tcheck | Ttotal | Status | Flags |
---|---|---|---|---|---|---|
r-devel-linux-x86_64-debian-clang | 0.3.3 | 8.28 | 101.55 | 109.83 | NOTE | |
r-devel-linux-x86_64-debian-gcc | 0.3.3 | 6.89 | 75.89 | 82.78 | NOTE | |
r-devel-linux-x86_64-fedora-clang | 0.3.3 | 136.32 | NOTE | |||
r-devel-linux-x86_64-fedora-gcc | 0.3.3 | 142.53 | NOTE | |||
r-devel-windows-x86_64 | 0.3.3 | 9.00 | 97.00 | 106.00 | NOTE | |
r-patched-linux-x86_64 | 0.3.3 | 7.37 | 95.81 | 103.18 | NOTE | |
r-release-linux-x86_64 | 0.3.3 | 9.19 | 93.23 | 102.42 | NOTE | |
r-release-macos-arm64 | 0.3.3 | 51.00 | NOTE | |||
r-release-macos-x86_64 | 0.3.3 | 79.00 | NOTE | |||
r-release-windows-x86_64 | 0.3.3 | 12.00 | 109.00 | 121.00 | NOTE | |
r-oldrel-macos-arm64 | 0.3.3 | 41.00 | NOTE | |||
r-oldrel-windows-x86_64 | 0.3.3 | 14.00 | 111.00 | 125.00 | OK |
Version: 0.3.3
Check: dependencies in R code
Result: NOTE
':::' call which should be '::': ‘scales:::censor’
See the note in ?`:::` about the use of this operator.
Unexported object imported by a ':::' call: ‘productplots:::bound’
See the note in ?`:::` about the use of this operator.
Flavors: r-devel-linux-x86_64-debian-clang, r-devel-linux-x86_64-debian-gcc, r-devel-linux-x86_64-fedora-clang, r-devel-linux-x86_64-fedora-gcc, r-devel-windows-x86_64, r-patched-linux-x86_64, r-release-linux-x86_64, r-release-macos-arm64, r-release-macos-x86_64, r-release-windows-x86_64
Version: 0.3.3
Check: dependencies in R code
Result: NOTE
Namespaces in Imports field not imported from:
‘productplots’ ‘scales’
All declared Imports should be used.
Flavor: r-oldrel-macos-arm64