CRAN Package Check Results for Package ggformula

Last updated on 2024-06-21 07:54:55 CEST.

Flavor Version Tinstall Tcheck Ttotal Status Flags
r-devel-linux-x86_64-debian-clang 0.12.0 20.30 271.21 291.51 OK
r-devel-linux-x86_64-debian-gcc 0.12.0 17.32 196.07 213.39 OK
r-devel-linux-x86_64-fedora-clang 0.12.0 355.95 NOTE
r-devel-linux-x86_64-fedora-gcc 0.12.0 349.52 OK
r-devel-windows-x86_64 0.12.0 17.00 207.00 224.00 OK
r-patched-linux-x86_64 0.12.0 29.07 255.30 284.37 OK
r-release-linux-x86_64 0.12.0 14.72 259.52 274.24 OK
r-release-macos-arm64 0.12.0 97.00 OK
r-release-macos-x86_64 0.12.0 152.00 OK
r-release-windows-x86_64 0.12.0 18.00 204.00 222.00 OK
r-oldrel-macos-arm64 0.12.0 94.00 OK
r-oldrel-macos-x86_64 0.12.0 219.00 OK
r-oldrel-windows-x86_64 0.12.0 24.00 266.00 290.00 OK

Check Details

Version: 0.12.0
Check: Rd cross-references
Result: NOTE Undeclared packages ‘akima’, ‘ggforce’ in Rd xrefs Flavor: r-devel-linux-x86_64-fedora-clang