Last updated on 2023-06-05 20:57:39 CEST.
Flavor | Version | Tinstall | Tcheck | Ttotal | Status | Flags |
---|---|---|---|---|---|---|
r-devel-linux-x86_64-debian-clang | 0.10.4 | 27.25 | 297.67 | 324.92 | OK | |
r-devel-linux-x86_64-debian-gcc | 0.10.4 | 19.19 | 225.36 | 244.55 | OK | |
r-devel-linux-x86_64-fedora-clang | 0.10.4 | 396.80 | NOTE | |||
r-devel-linux-x86_64-fedora-gcc | 0.10.4 | 388.75 | OK | |||
r-devel-windows-x86_64 | 0.10.4 | 21.00 | 237.00 | 258.00 | OK | |
r-patched-linux-x86_64 | 0.10.4 | 32.56 | 286.03 | 318.59 | OK | |
r-release-linux-x86_64 | 0.10.4 | 23.45 | 282.75 | 306.20 | OK | |
r-release-macos-arm64 | 0.10.4 | 106.00 | OK | |||
r-release-macos-x86_64 | 0.10.4 | 215.00 | OK | |||
r-release-windows-x86_64 | 0.10.4 | 27.00 | 303.00 | 330.00 | OK | |
r-oldrel-macos-arm64 | 0.10.4 | 94.00 | OK | |||
r-oldrel-macos-x86_64 | 0.10.4 | 141.00 | OK | |||
r-oldrel-windows-x86_64 | 0.10.4 | 28.00 | 285.00 | 313.00 | OK |
Version: 0.10.4
Check: Rd cross-references
Result: NOTE
Undeclared package ‘akima’ in Rd xrefs
Flavor: r-devel-linux-x86_64-fedora-clang