Last updated on 2023-06-07 20:04:41 CEST.
Flavor | Version | Tinstall | Tcheck | Ttotal | Status | Flags |
---|---|---|---|---|---|---|
r-devel-linux-x86_64-debian-clang | 0.4.1 | 103.46 | 166.65 | 270.11 | OK | |
r-devel-linux-x86_64-debian-gcc | 0.4.1 | 83.81 | 128.41 | 212.22 | OK | |
r-devel-linux-x86_64-fedora-clang | 0.4.1 | 358.93 | OK | |||
r-devel-linux-x86_64-fedora-gcc | 0.4.1 | 365.19 | OK | |||
r-devel-windows-x86_64 | 0.4.1 | 81.00 | 168.00 | 249.00 | OK | |
r-patched-linux-x86_64 | 0.4.1 | 89.91 | 159.09 | 249.00 | OK | |
r-release-linux-x86_64 | 0.4.1 | 90.48 | 160.06 | 250.54 | OK | |
r-release-macos-arm64 | 0.4.1 | 99.00 | NOTE | |||
r-release-macos-x86_64 | 0.4.1 | 169.00 | NOTE | |||
r-release-windows-x86_64 | 0.4.1 | 101.00 | 213.00 | 314.00 | OK | |
r-oldrel-macos-arm64 | 0.4.1 | 93.00 | NOTE | |||
r-oldrel-macos-x86_64 | 0.4.1 | 118.00 | NOTE | |||
r-oldrel-windows-x86_64 | 0.4.1 | 95.00 | 189.00 | 284.00 | OK |
Version: 0.4.1
Check: installed package size
Result: NOTE
installed size is 20.9Mb
sub-directories of 1Mb or more:
help 1.2Mb
libs 19.0Mb
Flavors: r-release-macos-arm64, r-release-macos-x86_64, r-oldrel-macos-arm64, r-oldrel-macos-x86_64