Last updated on 2023-06-10 19:56:49 CEST.
Flavor | Version | Tinstall | Tcheck | Ttotal | Status | Flags |
---|---|---|---|---|---|---|
r-devel-linux-x86_64-debian-clang | 1.2.2 | 8.68 | 194.26 | 202.94 | OK | |
r-devel-linux-x86_64-debian-gcc | 1.2.2 | 8.52 | 143.72 | 152.24 | OK | |
r-devel-linux-x86_64-fedora-clang | 1.2.2 | 269.65 | OK | |||
r-devel-linux-x86_64-fedora-gcc | 1.2.2 | 276.20 | OK | |||
r-devel-windows-x86_64 | 1.2.2 | 13.00 | 191.00 | 204.00 | OK | |
r-patched-linux-x86_64 | 1.2.2 | 10.91 | 184.17 | 195.08 | OK | |
r-release-linux-x86_64 | 1.2.2 | 8.94 | 181.84 | 190.78 | OK | |
r-release-macos-arm64 | 1.2.2 | 53.00 | OK | |||
r-release-macos-x86_64 | 1.2.1 | 78.00 | NOTE | |||
r-release-windows-x86_64 | 1.2.2 | 10.00 | 236.00 | 246.00 | OK | |
r-oldrel-macos-arm64 | 1.2.2 | 38.00 | OK | |||
r-oldrel-macos-x86_64 | 1.2.2 | 49.00 | OK | |||
r-oldrel-windows-x86_64 | 1.2.2 | 16.00 | 235.00 | 251.00 | OK |
Version: 1.2.1
Check: package dependencies
Result: NOTE
Packages suggested but not available for checking:
'AER', 'brms', 'rstanarm', 'rstantools'
Flavor: r-release-macos-x86_64
Version: 1.2.1
Check: Rd cross-references
Result: NOTE
Package unavailable to check Rd xrefs: ‘rstantools’
Flavor: r-release-macos-x86_64