Last updated on 2023-09-28 08:58:51 CEST.
Flavor | Version | Tinstall | Tcheck | Ttotal | Status | Flags |
---|---|---|---|---|---|---|
r-devel-linux-x86_64-debian-clang | 0.3.1 | 12.31 | 115.39 | 127.70 | OK | |
r-devel-linux-x86_64-debian-gcc | 0.3.1 | 10.33 | 85.51 | 95.84 | OK | |
r-devel-linux-x86_64-fedora-clang | 0.3.1 | 153.06 | NOTE | |||
r-devel-linux-x86_64-fedora-gcc | 0.3.1 | 151.27 | NOTE | |||
r-devel-windows-x86_64 | 0.3.1 | 11.00 | 105.00 | 116.00 | OK | |
r-patched-linux-x86_64 | 0.3.1 | 8.70 | 109.71 | 118.41 | OK | |
r-release-linux-x86_64 | 0.3.1 | 7.89 | 110.48 | 118.37 | OK | |
r-release-macos-arm64 | 0.3.1 | 45.00 | OK | |||
r-release-macos-x86_64 | 0.3.1 | 75.00 | OK | |||
r-release-windows-x86_64 | 0.3.1 | 18.00 | 126.00 | 144.00 | OK | |
r-oldrel-macos-arm64 | 0.3.1 | 44.00 | NOTE | |||
r-oldrel-macos-x86_64 | 0.3.1 | 82.00 | NOTE | |||
r-oldrel-windows-x86_64 | 0.3.1 | 16.00 | 134.00 | 150.00 | OK |
Version: 0.3.1
Check: dependencies in R code
Result: NOTE
Namespace in Imports field not imported from: ‘magrittr’
All declared Imports should be used.
Flavors: r-devel-linux-x86_64-fedora-clang, r-devel-linux-x86_64-fedora-gcc, r-oldrel-macos-arm64, r-oldrel-macos-x86_64