CRAN Package Check Results for Package ggExtra

Last updated on 2023-10-02 20:12:00 CEST.

Flavor Version Tinstall Tcheck Ttotal Status Flags
r-devel-linux-x86_64-debian-clang 0.10.1 5.48 58.71 64.19 NOTE
r-devel-linux-x86_64-debian-gcc 0.10.1 5.14 45.18 50.32 NOTE
r-devel-linux-x86_64-fedora-clang 0.10.1 79.32 NOTE
r-devel-linux-x86_64-fedora-gcc 0.10.1 92.43 NOTE
r-devel-windows-x86_64 0.10.1 7.00 71.00 78.00 OK
r-patched-linux-x86_64 0.10.1 6.62 57.37 63.99 NOTE
r-release-linux-x86_64 0.10.1 4.68 57.70 62.38 NOTE
r-release-macos-arm64 0.10.1 37.00 OK
r-release-macos-x86_64 0.10.1 63.00 OK
r-release-windows-x86_64 0.10.1 10.00 77.00 87.00 OK
r-oldrel-macos-arm64 0.10.1 44.00 OK
r-oldrel-macos-x86_64 0.10.1 47.00 OK
r-oldrel-windows-x86_64 0.10.1 9.00 79.00 88.00 OK

Check Details

Version: 0.10.1
Check: R code for possible problems
Result: NOTE
    Found the following assignments to the global environment:
    File ‘ggExtra/R/ggMarginalGadget.R’:
     assign(plotname, eval(parse(text = origPlot)), envir = .GlobalEnv)
Flavors: r-devel-linux-x86_64-debian-clang, r-devel-linux-x86_64-debian-gcc, r-devel-linux-x86_64-fedora-clang, r-patched-linux-x86_64, r-release-linux-x86_64

Version: 0.10.1
Check: dependencies in R code
Result: NOTE
    Namespaces in Imports field not imported from:
     ‘R6’ ‘scales’ ‘utils’
     All declared Imports should be used.
Flavors: r-devel-linux-x86_64-fedora-clang, r-devel-linux-x86_64-fedora-gcc