Last updated on 2024-04-19 19:50:14 CEST.
Flavor | Version | Tinstall | Tcheck | Ttotal | Status | Flags |
---|---|---|---|---|---|---|
r-devel-linux-x86_64-debian-clang | 1.3 | 4.08 | 50.12 | 54.20 | NOTE | |
r-devel-linux-x86_64-debian-gcc | 1.3 | NOTE | ||||
r-devel-linux-x86_64-fedora-clang | 1.3 | 70.55 | NOTE | |||
r-devel-linux-x86_64-fedora-gcc | 1.3 | 67.25 | NOTE | |||
r-prerel-macos-arm64 | 1.3 | 24.00 | NOTE | |||
r-prerel-windows-x86_64 | 1.3 | 8.00 | 55.00 | 63.00 | NOTE | |
r-patched-linux-x86_64 | 1.3 | 5.63 | 49.34 | 54.97 | NOTE | |
r-release-linux-x86_64 | 1.3 | 3.55 | 47.61 | 51.16 | NOTE | |
r-release-macos-arm64 | 1.3 | 27.00 | NOTE | |||
r-release-macos-x86_64 | 1.3 | 34.00 | NOTE | |||
r-release-windows-x86_64 | 1.3 | 8.00 | 61.00 | 69.00 | NOTE | |
r-oldrel-macos-arm64 | 1.3 | 23.00 | NOTE | |||
r-oldrel-windows-x86_64 | 1.3 | 8.00 | 69.00 | 77.00 | NOTE |
Version: 1.3
Check: LazyData
Result: NOTE
'LazyData' is specified without a 'data' directory
Flavors: r-devel-linux-x86_64-debian-clang, r-devel-linux-x86_64-debian-gcc, r-devel-linux-x86_64-fedora-clang, r-devel-linux-x86_64-fedora-gcc, r-prerel-macos-arm64, r-prerel-windows-x86_64, r-patched-linux-x86_64, r-release-linux-x86_64, r-release-macos-arm64, r-release-macos-x86_64, r-release-windows-x86_64, r-oldrel-macos-arm64, r-oldrel-windows-x86_64