Last updated on 2023-05-29 08:54:59 CEST.
Flavor | Version | Tinstall | Tcheck | Ttotal | Status | Flags |
---|---|---|---|---|---|---|
r-devel-linux-x86_64-debian-clang | 1.0.2 | 156.75 | 202.09 | 358.84 | NOTE | |
r-devel-linux-x86_64-debian-gcc | 1.0.2 | 144.02 | 164.47 | 308.49 | NOTE | |
r-devel-linux-x86_64-fedora-clang | 1.0.2 | 460.52 | NOTE | |||
r-devel-linux-x86_64-fedora-gcc | 1.0.2 | 548.73 | NOTE | |||
r-devel-windows-x86_64 | 1.0.2 | 119.00 | 168.00 | 287.00 | NOTE | |
r-patched-linux-x86_64 | 1.0.2 | 157.66 | 205.55 | 363.21 | NOTE | |
r-release-linux-x86_64 | 1.0.2 | 163.69 | 205.61 | 369.30 | NOTE | |
r-release-macos-arm64 | 1.0.2 | 136.00 | NOTE | |||
r-release-macos-x86_64 | 1.0.2 | 209.00 | NOTE | |||
r-release-windows-x86_64 | 1.0.2 | 150.00 | 208.00 | 358.00 | NOTE | |
r-oldrel-macos-arm64 | 1.0.2 | 127.00 | NOTE | |||
r-oldrel-macos-x86_64 | 1.0.2 | 189.00 | NOTE | |||
r-oldrel-windows-x86_64 | 1.0.2 | 136.00 | 199.00 | 335.00 | OK |
Version: 1.0.2
Check: C++ specification
Result: NOTE
Specified C++11: please drop specification unless essential
Flavors: r-devel-linux-x86_64-debian-clang, r-devel-linux-x86_64-debian-gcc, r-devel-linux-x86_64-fedora-clang, r-devel-linux-x86_64-fedora-gcc, r-devel-windows-x86_64, r-patched-linux-x86_64, r-release-linux-x86_64, r-release-macos-arm64, r-release-macos-x86_64, r-release-windows-x86_64
Version: 1.0.2
Check: installed package size
Result: NOTE
installed size is 34.1Mb
sub-directories of 1Mb or more:
libs 33.8Mb
Flavors: r-release-macos-arm64, r-release-macos-x86_64, r-oldrel-macos-arm64, r-oldrel-macos-x86_64