Last updated on 2023-09-24 20:00:24 CEST.
Flavor | Version | Tinstall | Tcheck | Ttotal | Status | Flags |
---|---|---|---|---|---|---|
r-devel-linux-x86_64-debian-clang | 0.2.8 | 36.06 | 330.09 | 366.15 | OK | |
r-devel-linux-x86_64-debian-gcc | 0.2.8 | 29.21 | 233.76 | 262.97 | OK | |
r-devel-linux-x86_64-fedora-clang | 0.2.8 | 433.49 | NOTE | |||
r-devel-linux-x86_64-fedora-gcc | 0.2.8 | 433.44 | NOTE | |||
r-devel-windows-x86_64 | 0.2.8 | 29.00 | 206.00 | 235.00 | OK | |
r-patched-linux-x86_64 | 0.2.8 | 24.14 | 310.27 | 334.41 | OK | |
r-release-linux-x86_64 | 0.2.8 | 33.83 | 304.56 | 338.39 | OK | |
r-release-macos-arm64 | 0.2.8 | 105.00 | OK | |||
r-release-macos-x86_64 | 0.2.8 | 223.00 | OK | |||
r-release-windows-x86_64 | 0.2.8 | 41.00 | 272.00 | 313.00 | OK | |
r-oldrel-macos-arm64 | 0.2.8 | 104.00 | OK | |||
r-oldrel-macos-x86_64 | 0.2.8 | 137.00 | OK | |||
r-oldrel-windows-x86_64 | 0.2.8 | 40.00 | 266.00 | 306.00 | OK |
Version: 0.2.8
Check: data for non-ASCII characters
Result: NOTE
Note: found 64 marked Latin-1 strings
Note: found 25 marked UTF-8 strings
Flavors: r-devel-linux-x86_64-fedora-clang, r-devel-linux-x86_64-fedora-gcc