Last updated on 2024-04-24 07:57:40 CEST.
Flavor | Version | Tinstall | Tcheck | Ttotal | Status | Flags |
---|---|---|---|---|---|---|
r-devel-linux-x86_64-debian-clang | 0.2.8 | 41.11 | 337.84 | 378.95 | OK | |
r-devel-linux-x86_64-debian-gcc | 0.2.8 | 27.96 | 237.48 | 265.44 | OK | |
r-devel-linux-x86_64-fedora-clang | 0.2.8 | 451.81 | NOTE | |||
r-devel-linux-x86_64-fedora-gcc | 0.2.8 | 462.98 | NOTE | |||
r-prerel-macos-arm64 | 0.2.8 | 114.00 | OK | |||
r-prerel-windows-x86_64 | 0.2.8 | 28.00 | 207.00 | 235.00 | OK | |
r-patched-linux-x86_64 | 0.2.8 | 35.21 | 315.54 | 350.75 | OK | |
r-release-linux-x86_64 | 0.2.8 | 33.92 | 310.42 | 344.34 | OK | |
r-release-macos-arm64 | 0.2.8 | 105.00 | OK | |||
r-release-macos-x86_64 | 0.2.8 | 223.00 | OK | |||
r-release-windows-x86_64 | 0.2.8 | 41.00 | 278.00 | 319.00 | OK | |
r-oldrel-macos-arm64 | 0.2.8 | 104.00 | OK | |||
r-oldrel-windows-x86_64 | 0.2.8 | 42.00 | 270.00 | 312.00 | OK |
Version: 0.2.8
Check: data for non-ASCII characters
Result: NOTE
Note: found 64 marked Latin-1 strings
Note: found 25 marked UTF-8 strings
Flavors: r-devel-linux-x86_64-fedora-clang, r-devel-linux-x86_64-fedora-gcc