Last updated on 2024-03-29 07:54:44 CET.
Flavor | Version | Tinstall | Tcheck | Ttotal | Status | Flags |
---|---|---|---|---|---|---|
r-devel-linux-x86_64-debian-clang | 0.5.4 | 361.32 | 466.63 | 827.95 | NOTE | |
r-devel-linux-x86_64-debian-gcc | 0.5.4 | 283.99 | 384.04 | 668.03 | NOTE | |
r-devel-linux-x86_64-fedora-clang | 0.5.4 | 971.24 | NOTE | |||
r-devel-linux-x86_64-fedora-gcc | 0.5.4 | 1112.36 | NOTE | |||
r-devel-windows-x86_64 | 0.5.4 | 225.00 | 392.00 | 617.00 | NOTE | |
r-patched-linux-x86_64 | 0.5.4 | 256.74 | 500.17 | 756.91 | NOTE | |
r-release-linux-x86_64 | 0.5.4 | 256.06 | 496.20 | 752.26 | NOTE | |
r-release-macos-arm64 | 0.5.4 | 276.00 | NOTE | |||
r-release-macos-x86_64 | 0.5.4 | 623.00 | NOTE | |||
r-release-windows-x86_64 | 0.5.4 | 312.00 | 493.00 | 805.00 | NOTE | |
r-oldrel-macos-arm64 | 0.5.4 | 247.00 | NOTE | |||
r-oldrel-windows-x86_64 | 0.5.4 | 299.00 | 470.00 | 769.00 | NOTE |
Version: 0.5.4
Check: for GNU extensions in Makefiles
Result: NOTE
GNU make is a SystemRequirements.
Flavors: r-devel-linux-x86_64-debian-clang, r-devel-linux-x86_64-debian-gcc, r-devel-linux-x86_64-fedora-clang, r-devel-linux-x86_64-fedora-gcc, r-devel-windows-x86_64, r-patched-linux-x86_64, r-release-linux-x86_64, r-release-macos-arm64, r-release-macos-x86_64, r-release-windows-x86_64, r-oldrel-macos-arm64, r-oldrel-windows-x86_64
Version: 0.5.4
Check: installed package size
Result: NOTE
installed size is 6.0Mb
sub-directories of 1Mb or more:
libs 4.2Mb
Flavors: r-devel-linux-x86_64-fedora-clang, r-release-macos-arm64, r-release-macos-x86_64, r-oldrel-macos-arm64
Version: 0.5.4
Check: dependencies in R code
Result: NOTE
Namespaces in Imports field not imported from:
‘RcppParallel’ ‘rstantools’
All declared Imports should be used.
Flavors: r-devel-linux-x86_64-fedora-clang, r-devel-linux-x86_64-fedora-gcc