Last updated on 2023-12-03 07:51:56 CET.
Flavor | Version | Tinstall | Tcheck | Ttotal | Status | Flags |
---|---|---|---|---|---|---|
r-devel-linux-x86_64-debian-clang | 0.7-1 | 239.88 | 475.72 | 715.60 | NOTE | |
r-devel-linux-x86_64-debian-gcc | 0.7-1 | 212.44 | 351.72 | 564.16 | NOTE | |
r-devel-linux-x86_64-fedora-clang | 0.7-1 | 975.54 | NOTE | |||
r-devel-linux-x86_64-fedora-gcc | 0.7-1 | 936.24 | OK | |||
r-devel-windows-x86_64 | 0.7-1 | 215.00 | 490.00 | 705.00 | NOTE | |
r-patched-linux-x86_64 | 0.7-1 | 200.60 | 463.31 | 663.91 | OK | |
r-release-linux-x86_64 | 0.7-1 | 165.93 | 464.00 | 629.93 | OK | |
r-release-macos-arm64 | 0.7-1 | 320.00 | NOTE | |||
r-release-macos-x86_64 | 0.7-1 | 481.00 | NOTE | |||
r-release-windows-x86_64 | 0.7-1 | 300.00 | 626.00 | 926.00 | NOTE | |
r-oldrel-macos-arm64 | 0.7-1 | 218.00 | NOTE | |||
r-oldrel-macos-x86_64 | 0.7-1 | 333.00 | NOTE | |||
r-oldrel-windows-x86_64 | 0.7-1 | 299.00 | 484.00 | 783.00 | NOTE |
Version: 0.7-1
Check: Rd files
Result: NOTE
checkRd: (-1) GMLVerticalCRS.Rd:39: Lost braces
39 | \item{\code{verticalDatum}}{[code{GMLVerticalDatum}]}
| ^
Flavors: r-devel-linux-x86_64-debian-clang, r-devel-linux-x86_64-debian-gcc
Version: 0.7-1
Check: installed package size
Result: NOTE
installed size is 14.9Mb
sub-directories of 1Mb or more:
R 9.5Mb
extdata 2.6Mb
help 2.6Mb
Flavors: r-devel-linux-x86_64-fedora-clang, r-devel-windows-x86_64, r-release-macos-arm64, r-release-macos-x86_64, r-release-windows-x86_64, r-oldrel-macos-arm64, r-oldrel-macos-x86_64, r-oldrel-windows-x86_64