Last updated on 2023-12-04 18:52:16 CET.
Flavor | Version | Tinstall | Tcheck | Ttotal | Status | Flags |
---|---|---|---|---|---|---|
r-devel-linux-x86_64-debian-clang | 1.6.11 | 12.51 | 105.24 | 117.75 | NOTE | |
r-devel-linux-x86_64-debian-gcc | 1.6.11 | 9.04 | 78.74 | 87.78 | NOTE | |
r-devel-linux-x86_64-fedora-clang | 1.6.11 | 147.98 | NOTE | |||
r-devel-linux-x86_64-fedora-gcc | 1.6.11 | 146.52 | NOTE | |||
r-devel-windows-x86_64 | 1.6.11 | 12.00 | 102.00 | 114.00 | NOTE | |
r-patched-linux-x86_64 | 1.6.11 | 12.24 | 99.00 | 111.24 | OK | |
r-release-linux-x86_64 | 1.6.11 | 11.50 | 96.25 | 107.75 | ERROR | |
r-release-macos-arm64 | 1.6.11 | 58.00 | OK | |||
r-release-macos-x86_64 | 1.6.11 | 123.00 | OK | |||
r-release-windows-x86_64 | 1.6.11 | 14.00 | 119.00 | 133.00 | OK | |
r-oldrel-macos-arm64 | 1.6.11 | 47.00 | OK | |||
r-oldrel-macos-x86_64 | 1.6.11 | 65.00 | OK | |||
r-oldrel-windows-x86_64 | 1.6.11 | 16.00 | 121.00 | 137.00 | OK |
Version: 1.6.11
Check: Rd \usage sections
Result: NOTE
Documented arguments not in \usage in Rd file 'variables_query-method.Rd':
‘variables’
Functions with \usage entries need to have the appropriate \alias
entries, and all their arguments documented.
The \usage entries must correspond to syntactically valid R code.
See chapter ‘Writing R documentation files’ in the ‘Writing R
Extensions’ manual.
Flavors: r-devel-linux-x86_64-debian-clang, r-devel-linux-x86_64-debian-gcc, r-devel-linux-x86_64-fedora-clang, r-devel-linux-x86_64-fedora-gcc, r-devel-windows-x86_64
Version: 1.6.11
Check: tests
Result: ERROR
Running ‘testthat.R’ [7s/10s]
Running the tests in ‘tests/testthat.R’ failed.
Complete output:
> library(testthat)
> test_check('geoknife')
Loading required package: geoknife
Attaching package: 'geoknife'
The following object is masked from 'package:stats':
start
The following object is masked from 'package:graphics':
title
The following object is masked from 'package:base':
url
[ FAIL 1 | WARN 0 | SKIP 72 | PASS 65 ]
══ Skipped tests (72) ══════════════════════════════════════════════════════════
• On CRAN (71): 'test-dodsReplace.R:5:3', 'test-download_result.R:4:3',
'test-download_result.R:13:3', 'test-download_result.R:18:3',
'test-download_result.R:29:3', 'test-gconfig.R:24:3',
'test-geoknife_setters.R:5:3', 'test-geoknife_setters.R:20:3',
'test-geoknife_setters.R:28:3', 'test-geoknife_setters.R:57:3',
'test-geoknife_setters.R:68:3', 'test-geoknife_setters.R:76:3',
'test-geoknife_setters.R:83:3', 'test-geoknife_setters.R:95:3',
'test-geoknife_setters.R:104:3', 'test-geoknife_utils.R:7:3',
'test-geoknife_utils.R:16:3', 'test-geoknife_utils.R:23:3',
'test-geoknife_utils.R:30:3', 'test-geoknife_utils.R:35:3',
'test-geoknife_utils.R:43:3', 'test-geoknife_utils.R:52:3',
'test-geoknife_xml_parser.R:4:3', 'test-knife_shorthand.R:5:3',
'test-knife_shorthand.R:12:3', 'test-knife_shorthand.R:20:3',
'test-parseCategorical.R:12:3', 'test-processErrors.R:7:3',
'test-processErrors.R:19:3', 'test-query_webdata.R:4:3',
'test-query_webdata.R:11:3', 'test-query_webdata.R:18:3',
'test-query_webdata.R:26:3', 'test-query_webdata.R:34:3',
'test-query_webdatasets.R:5:3', 'test-query_webdatasets.R:11:3',
'test-query_webdatasets.R:17:3', 'test-query_webdatasets.R:22:3',
'test-query_webdatasets.R:29:3', 'test-query_webgeom.R:5:3',
'test-query_webgeom.R:16:3', 'test-query_webgeom.R:24:3',
'test-query_webgeom.R:32:3', 'test-setJobState.R:6:3',
'test-setJobState.R:13:3', 'test-setJobState.R:22:3',
'test-show_object.R:17:3', 'test-show_object.R:26:3',
'test-sleep_time.R:3:3', 'test-sleep_time.R:12:3',
'test-times_webdata.R:17:3', 'test-times_webdata.R:27:3',
'test-waitUntilFinished.R:7:3', 'test-waitUntilFinished.R:22:3',
'test-webdata_object.R:3:3', 'test-webdata_object.R:23:3',
'test-webdata_object.R:37:3', 'test-webdata_object.R:45:3',
'test-webprocess_input.R:5:3', 'test-webprocess_input.R:12:3',
'test-webprocess_input.R:22:3', 'test-webprocess_input.R:30:3',
'test-webprocess_input.R:39:3', 'test-webprocess_input.R:50:3',
'test-webprocess_input.R:57:3', 'test-webprocess_object.R:17:3',
'test-webprocess_object.R:30:3', 'test-webprocess_object.R:48:3',
'test-webprocess_object.R:53:3', 'test-webprocess_object.R:58:3',
'test-webprocess_object.R:66:3'
• no public qa (1): 'test-webprocess_object.R:4:3'
══ Failed tests ════════════════════════════════════════════════════════════════
── Error ('test-whisker_templating.R:18:3'): basic XML creation works ──────────
Error in `curl::curl_fetch_memory(url, handle = handle)`: Empty reply from server
Backtrace:
▆
1. ├─geoknife::XML(wg, wd, wp) at test-whisker_templating.R:18:3
2. └─geoknife::XML(wg, wd, wp)
3. └─geoknife:::.setProcessInputs(...)
4. ├─base::do.call(fun, list(...))
5. └─geoknife:::.DATASET_URI(stencil = `<webgeom>`, fabric = `<webdata>`)
6. └─geoknife:::dodsReplace(url(fabric))
7. ├─httr::headers(httr::HEAD(uri))
8. └─httr::HEAD(uri)
9. └─httr:::request_perform(req, hu$handle$handle)
10. ├─httr:::request_fetch(req$output, req$url, handle)
11. └─httr:::request_fetch.write_memory(req$output, req$url, handle)
12. └─curl::curl_fetch_memory(url, handle = handle)
[ FAIL 1 | WARN 0 | SKIP 72 | PASS 65 ]
Error: Test failures
Execution halted
Flavor: r-release-linux-x86_64