Last updated on 2023-06-08 08:55:22 CEST.
Flavor | Version | Tinstall | Tcheck | Ttotal | Status | Flags |
---|---|---|---|---|---|---|
r-devel-linux-x86_64-debian-clang | 1.1.1 | 59.46 | 35.42 | 94.88 | NOTE | |
r-devel-linux-x86_64-debian-gcc | 1.1.1 | 53.66 | 27.98 | 81.64 | NOTE | |
r-devel-linux-x86_64-fedora-clang | 1.1.1 | 142.36 | NOTE | |||
r-devel-linux-x86_64-fedora-gcc | 1.1.1 | 157.81 | NOTE | |||
r-devel-windows-x86_64 | 1.1.1 | 47.00 | 75.00 | 122.00 | NOTE | |
r-patched-linux-x86_64 | 1.1.1 | 56.59 | 33.89 | 90.48 | NOTE | |
r-release-linux-x86_64 | 1.1.1 | 50.92 | 34.30 | 85.22 | NOTE | |
r-release-macos-arm64 | 1.1.1 | 47.00 | NOTE | |||
r-release-macos-x86_64 | 1.1.1 | 73.00 | NOTE | |||
r-release-windows-x86_64 | 1.1.1 | 62.00 | 82.00 | 144.00 | NOTE | |
r-oldrel-macos-arm64 | 1.1.1 | 39.00 | NOTE | |||
r-oldrel-macos-x86_64 | 1.1.1 | 50.00 | NOTE | |||
r-oldrel-windows-x86_64 | 1.1.1 | 60.00 | 78.00 | 138.00 | OK |
Version: 1.1.1
Check: C++ specification
Result: NOTE
Specified C++11: please drop specification unless essential
Flavors: r-devel-linux-x86_64-debian-clang, r-devel-linux-x86_64-debian-gcc, r-devel-linux-x86_64-fedora-clang, r-devel-linux-x86_64-fedora-gcc, r-devel-windows-x86_64, r-patched-linux-x86_64, r-release-linux-x86_64, r-release-macos-arm64, r-release-macos-x86_64, r-release-windows-x86_64
Version: 1.1.1
Check: installed package size
Result: NOTE
installed size is 6.3Mb
sub-directories of 1Mb or more:
doc 1.3Mb
libs 4.8Mb
Flavors: r-release-macos-arm64, r-release-macos-x86_64, r-oldrel-macos-arm64, r-oldrel-macos-x86_64