CRAN Package Check Results for Package geojsonR

Last updated on 2024-06-15 08:49:38 CEST.

Flavor Version Tinstall Tcheck Ttotal Status Flags
r-devel-linux-x86_64-debian-clang 1.1.1 69.07 38.70 107.77 NOTE
r-devel-linux-x86_64-debian-gcc 1.1.1 49.48 30.07 79.55 NOTE
r-devel-linux-x86_64-fedora-clang 1.1.1 148.57 NOTE
r-devel-linux-x86_64-fedora-gcc 1.1.1 169.13 NOTE
r-devel-windows-x86_64 1.1.1 51.00 76.00 127.00 NOTE
r-patched-linux-x86_64 1.1.1 59.08 37.22 96.30 NOTE
r-release-linux-x86_64 1.1.1 49.18 37.92 87.10 NOTE
r-release-macos-arm64 1.1.1 40.00 NOTE
r-release-macos-x86_64 1.1.1 54.00 NOTE
r-release-windows-x86_64 1.1.1 50.00 77.00 127.00 NOTE
r-oldrel-macos-arm64 1.1.1 47.00 NOTE
r-oldrel-macos-x86_64 1.1.1 73.00 NOTE
r-oldrel-windows-x86_64 1.1.1 63.00 81.00 144.00 NOTE

Check Details

Version: 1.1.1
Check: C++ specification
Result: NOTE Specified C++11: please drop specification unless essential Flavors: r-devel-linux-x86_64-debian-clang, r-devel-linux-x86_64-debian-gcc, r-devel-linux-x86_64-fedora-clang, r-devel-linux-x86_64-fedora-gcc, r-devel-windows-x86_64, r-patched-linux-x86_64, r-release-linux-x86_64, r-release-macos-arm64, r-release-macos-x86_64, r-release-windows-x86_64, r-oldrel-macos-arm64, r-oldrel-macos-x86_64, r-oldrel-windows-x86_64

Version: 1.1.1
Check: installed package size
Result: NOTE installed size is 6.1Mb sub-directories of 1Mb or more: doc 1.3Mb libs 4.6Mb Flavors: r-release-macos-arm64, r-release-macos-x86_64, r-oldrel-macos-arm64, r-oldrel-macos-x86_64