CRAN Package Check Results for Package geofi

Last updated on 2024-03-01 19:48:59 CET.

Flavor Version Tinstall Tcheck Ttotal Status Flags
r-devel-linux-x86_64-debian-clang 1.0.14 8.68 175.31 183.99 ERROR
r-devel-linux-x86_64-debian-gcc 1.0.14 7.01 143.99 151.00 OK
r-devel-linux-x86_64-fedora-clang 1.0.14 245.79 NOTE
r-devel-linux-x86_64-fedora-gcc 1.0.14 265.87 NOTE
r-devel-windows-x86_64 1.0.14 12.00 210.00 222.00 OK
r-patched-linux-x86_64 1.0.14 10.89 187.71 198.60 OK
r-release-linux-x86_64 1.0.14 9.28 187.29 196.57 OK
r-release-macos-arm64 1.0.14 149.00 OK
r-release-macos-x86_64 1.0.14 208.00 OK
r-release-windows-x86_64 1.0.14 15.00 246.00 261.00 OK
r-oldrel-macos-arm64 1.0.14 228.00 OK
r-oldrel-windows-x86_64 1.0.14 16.00 118.00 134.00 ERROR

Check Details

Version: 1.0.14
Check: re-building of vignette outputs
Result: ERROR Error(s) in re-building vignettes: ... --- re-building ‘geofi_datasets.Rmd’ using rmarkdown Quitting from lines 195-220 [geofacet] (geofi_datasets.Rmd) Error: processing vignette 'geofi_datasets.Rmd' failed with diagnostics: no applicable method for 'filter' applied to an object of class "NULL" --- failed re-building ‘geofi_datasets.Rmd’ --- re-building ‘geofi_joining_attribute_data.Rmd’ using rmarkdown Quitting from lines 62-70 [municipality_map] (geofi_joining_attribute_data.Rmd) Error: processing vignette 'geofi_joining_attribute_data.Rmd' failed with diagnostics: no applicable method for 'filter' applied to an object of class "NULL" --- failed re-building ‘geofi_joining_attribute_data.Rmd’ --- re-building ‘geofi_making_maps.Rmd’ using rmarkdown --- finished re-building ‘geofi_making_maps.Rmd’ --- re-building ‘geofi_spatial_analysis.Rmd’ using rmarkdown --- finished re-building ‘geofi_spatial_analysis.Rmd’ SUMMARY: processing the following files failed: ‘geofi_datasets.Rmd’ ‘geofi_joining_attribute_data.Rmd’ Error: Vignette re-building failed. Execution halted Flavor: r-devel-linux-x86_64-debian-clang

Version: 1.0.14
Check: data for non-ASCII characters
Result: NOTE Note: found 93994 marked UTF-8 strings Flavors: r-devel-linux-x86_64-fedora-clang, r-devel-linux-x86_64-fedora-gcc

Version: 1.0.14
Check: examples
Result: ERROR Running examples in 'geofi-Ex.R' failed The error most likely occurred in: > ### Name: wfs_api > ### Title: WFS API > ### Aliases: wfs_api > > ### ** Examples > > wfs_api(base_url = "http://geo.stat.fi/geoserver/wfs", + queries = append(list("service" = "WFS", "version" = "1.0.0"), + list(request = "getFeature", + layer = "tilastointialueet:kunta4500k_2017"))) Requesting response from: http://geo.stat.fi/geoserver/wfs?service=WFS&version=1.0.0&request=getFeature&layer=tilastointialueet%3Akunta4500k_2017 Error in curl::curl_fetch_memory(url, handle = handle) : Recv failure: Connection was reset Calls: wfs_api ... request_fetch -> request_fetch.write_memory -> <Anonymous> Execution halted Flavor: r-oldrel-windows-x86_64