Last updated on 2024-04-19 19:50:14 CEST.
Flavor | Version | Tinstall | Tcheck | Ttotal | Status | Flags |
---|---|---|---|---|---|---|
r-devel-linux-x86_64-debian-clang | 0.0.8 | 7.76 | 36.73 | 44.49 | NOTE | |
r-devel-linux-x86_64-debian-gcc | 0.0.8 | NOTE | ||||
r-devel-linux-x86_64-fedora-clang | 0.0.8 | 55.22 | NOTE | |||
r-devel-linux-x86_64-fedora-gcc | 0.0.8 | 67.43 | NOTE | |||
r-prerel-macos-arm64 | 0.0.8 | 28.00 | NOTE | |||
r-prerel-windows-x86_64 | 0.0.8 | 13.00 | 50.00 | 63.00 | NOTE | |
r-patched-linux-x86_64 | 0.0.8 | 7.15 | 35.64 | 42.79 | NOTE | |
r-release-linux-x86_64 | 0.0.8 | 8.41 | 33.93 | 42.34 | OK | |
r-release-macos-arm64 | 0.0.8 | 28.00 | OK | |||
r-release-macos-x86_64 | 0.0.8 | 43.00 | OK | |||
r-release-windows-x86_64 | 0.0.8 | 13.00 | 52.00 | 65.00 | OK | |
r-oldrel-macos-arm64 | 0.0.8 | 26.00 | OK | |||
r-oldrel-windows-x86_64 | 0.0.8 | 14.00 | 56.00 | 70.00 | OK |
Version: 0.0.8
Check: Rd files
Result: NOTE
checkRd: (-1) geodist.Rd:59: Lost braces
59 | code{sf::st_dist()} function.
| ^
checkRd: (-1) geodist_vec.Rd:65: Lost braces
65 | code{sf::st_dist()} function.
| ^
checkRd: (-1) georange.Rd:36: Lost braces
36 | code{sf::st_dist()} function.
| ^
Flavors: r-devel-linux-x86_64-debian-clang, r-devel-linux-x86_64-debian-gcc, r-devel-linux-x86_64-fedora-clang, r-devel-linux-x86_64-fedora-gcc, r-prerel-macos-arm64, r-prerel-windows-x86_64, r-patched-linux-x86_64