Last updated on 2023-06-07 20:04:41 CEST.
Flavor | Version | Tinstall | Tcheck | Ttotal | Status | Flags |
---|---|---|---|---|---|---|
r-devel-linux-x86_64-debian-clang | 1.9-2 | 25.43 | 159.46 | 184.89 | OK | |
r-devel-linux-x86_64-debian-gcc | 1.9-2 | 23.01 | 118.02 | 141.03 | OK | |
r-devel-linux-x86_64-fedora-clang | 1.9-2 | 233.50 | NOTE | |||
r-devel-linux-x86_64-fedora-gcc | 1.9-2 | 220.27 | OK | |||
r-devel-windows-x86_64 | 1.9-2 | 22.00 | 138.00 | 160.00 | OK | |
r-patched-linux-x86_64 | 1.9-2 | 32.06 | 152.63 | 184.69 | OK | |
r-release-linux-x86_64 | 1.9-2 | 24.00 | 156.35 | 180.35 | OK | |
r-release-macos-arm64 | 1.9-2 | 59.00 | OK | |||
r-release-macos-x86_64 | 1.9-2 | 114.00 | NOTE | |||
r-release-windows-x86_64 | 1.9-2 | 29.00 | 167.00 | 196.00 | OK | |
r-oldrel-macos-arm64 | 1.9-2 | 109.00 | OK | |||
r-oldrel-macos-x86_64 | 1.9-2 | 164.00 | OK | |||
r-oldrel-windows-x86_64 | 1.9-2 | 27.00 | 162.00 | 189.00 | OK |
Version: 1.9-2
Check: Rd cross-references
Result: NOTE
Undeclared package ‘car’ in Rd xrefs
Flavor: r-devel-linux-x86_64-fedora-clang
Version: 1.9-2
Check: Rd cross-references
Result: NOTE
Package unavailable to check Rd xrefs: ‘car’
Flavor: r-release-macos-x86_64