Last updated on 2023-06-02 07:55:23 CEST.
Flavor | Version | Tinstall | Tcheck | Ttotal | Status | Flags |
---|---|---|---|---|---|---|
r-devel-linux-x86_64-debian-clang | 0.1.1 | 32.63 | 58.28 | 90.91 | NOTE | |
r-devel-linux-x86_64-debian-gcc | 0.1.1 | 24.18 | 49.02 | 73.20 | NOTE | |
r-devel-linux-x86_64-fedora-clang | 0.1.1 | 114.90 | NOTE | |||
r-devel-linux-x86_64-fedora-gcc | 0.1.1 | 108.74 | NOTE | |||
r-devel-windows-x86_64 | 0.1.1 | 26.00 | 79.00 | 105.00 | NOTE | |
r-patched-linux-x86_64 | 0.1.1 | NOTE | ||||
r-release-linux-x86_64 | 0.1.1 | 26.76 | 54.90 | 81.66 | NOTE | |
r-release-macos-arm64 | 0.1.1 | 32.00 | NOTE | |||
r-release-macos-x86_64 | 0.1.1 | 48.00 | NOTE | |||
r-release-windows-x86_64 | 0.1.1 | 34.00 | 93.00 | 127.00 | NOTE | |
r-oldrel-macos-arm64 | 0.1.1 | 30.00 | OK | |||
r-oldrel-macos-x86_64 | 0.1.1 | 37.00 | OK | |||
r-oldrel-windows-x86_64 | 0.1.1 | 32.00 | 92.00 | 124.00 | OK |
Version: 0.1.1
Check: C++ specification
Result: NOTE
Specified C++11: please drop specification unless essential
Flavors: r-devel-linux-x86_64-debian-clang, r-devel-linux-x86_64-debian-gcc, r-devel-linux-x86_64-fedora-clang, r-devel-linux-x86_64-fedora-gcc, r-devel-windows-x86_64, r-patched-linux-x86_64, r-release-linux-x86_64, r-release-macos-arm64, r-release-macos-x86_64, r-release-windows-x86_64