CRAN Package Check Results for Package geoFKF

Last updated on 2024-06-19 08:57:49 CEST.

Flavor Version Tinstall Tcheck Ttotal Status Flags
r-devel-linux-x86_64-debian-clang 0.1.1 32.02 44.00 76.02 NOTE
r-devel-linux-x86_64-debian-gcc 0.1.1 23.60 48.38 71.98 NOTE
r-devel-linux-x86_64-fedora-clang 0.1.1 115.62 NOTE
r-devel-linux-x86_64-fedora-gcc 0.1.1 114.21 NOTE
r-devel-windows-x86_64 0.1.1 28.00 72.00 100.00 NOTE
r-patched-linux-x86_64 0.1.1 31.01 55.98 86.99 NOTE
r-release-linux-x86_64 0.1.1 26.79 56.73 83.52 NOTE
r-release-macos-arm64 0.1.1 28.00 NOTE
r-release-macos-x86_64 0.1.1 39.00 NOTE
r-release-windows-x86_64 0.1.1 27.00 75.00 102.00 NOTE
r-oldrel-macos-arm64 0.1.1 32.00 NOTE
r-oldrel-macos-x86_64 0.1.1 48.00 NOTE
r-oldrel-windows-x86_64 0.1.1 32.00 93.00 125.00 NOTE

Check Details

Version: 0.1.1
Check: C++ specification
Result: NOTE Specified C++11: please drop specification unless essential Flavors: r-devel-linux-x86_64-debian-clang, r-devel-linux-x86_64-debian-gcc, r-devel-linux-x86_64-fedora-clang, r-devel-linux-x86_64-fedora-gcc, r-devel-windows-x86_64, r-patched-linux-x86_64, r-release-linux-x86_64, r-release-macos-arm64, r-release-macos-x86_64, r-release-windows-x86_64, r-oldrel-macos-arm64, r-oldrel-macos-x86_64, r-oldrel-windows-x86_64