Last updated on 2024-03-29 07:54:44 CET.
Flavor | Version | Tinstall | Tcheck | Ttotal | Status | Flags |
---|---|---|---|---|---|---|
r-devel-linux-x86_64-debian-clang | 1.0.0 | 2.01 | 47.21 | 49.22 | OK | |
r-devel-linux-x86_64-debian-gcc | 1.0.0 | 2.60 | 37.20 | 39.80 | OK | |
r-devel-linux-x86_64-fedora-clang | 1.0.0 | 66.57 | NOTE | |||
r-devel-linux-x86_64-fedora-gcc | 1.0.0 | 75.87 | NOTE | |||
r-devel-windows-x86_64 | 1.0.0 | 6.00 | 66.00 | 72.00 | OK | |
r-patched-linux-x86_64 | 1.0.0 | 3.51 | 46.73 | 50.24 | OK | |
r-release-linux-x86_64 | 1.0.0 | 3.04 | 45.05 | 48.09 | OK | |
r-release-macos-arm64 | 1.0.0 | 39.00 | ERROR | |||
r-release-macos-x86_64 | 1.0.0 | 76.00 | OK | |||
r-release-windows-x86_64 | 1.0.0 | 7.00 | 67.00 | 74.00 | ERROR | |
r-oldrel-macos-arm64 | 1.0.0 | 37.00 | ERROR | |||
r-oldrel-windows-x86_64 | 1.0.0 | 6.00 | 69.00 | 75.00 | ERROR |
Version: 1.0.0
Check: data for non-ASCII characters
Result: NOTE
Note: found 144 marked UTF-8 strings
Flavors: r-devel-linux-x86_64-fedora-clang, r-devel-linux-x86_64-fedora-gcc
Version: 1.0.0
Check: re-building of vignette outputs
Result: ERROR
Error(s) in re-building vignettes:
...
--- re-building ‘geoAr_geofacet.Rmd’ using rmarkdown
File figure/tucmap-1.png not found in resource path
Error: processing vignette 'geoAr_geofacet.Rmd' failed with diagnostics:
pandoc document conversion failed with error 99
--- failed re-building ‘geoAr_geofacet.Rmd’
--- re-building ‘geoAr_leaflet.Rmd’ using rmarkdown
File figure/map-1.png not found in resource path
Error: processing vignette 'geoAr_leaflet.Rmd' failed with diagnostics:
pandoc document conversion failed with error 99
--- failed re-building ‘geoAr_leaflet.Rmd’
--- re-building ‘georefar.Rmd’ using rmarkdown
--- finished re-building ‘georefar.Rmd’
SUMMARY: processing the following files failed:
‘geoAr_geofacet.Rmd’ ‘geoAr_leaflet.Rmd’
Error: Vignette re-building failed.
Execution halted
Flavors: r-release-macos-arm64, r-oldrel-macos-arm64
Version: 1.0.0
Check: re-building of vignette outputs
Result: ERROR
Error(s) in re-building vignettes:
--- re-building 'geoAr_geofacet.Rmd' using rmarkdown
File figure/tucmap-1.png not found in resource path
Error: processing vignette 'geoAr_geofacet.Rmd' failed with diagnostics:
pandoc document conversion failed with error 99
--- failed re-building 'geoAr_geofacet.Rmd'
--- re-building 'geoAr_leaflet.Rmd' using rmarkdown
File figure/map-1.png not found in resource path
Error: processing vignette 'geoAr_leaflet.Rmd' failed with diagnostics:
pandoc document conversion failed with error 99
--- failed re-building 'geoAr_leaflet.Rmd'
--- re-building 'georefar.Rmd' using rmarkdown
--- finished re-building 'georefar.Rmd'
SUMMARY: processing the following files failed:
'geoAr_geofacet.Rmd' 'geoAr_leaflet.Rmd'
Error: Vignette re-building failed.
Execution halted
Flavors: r-release-windows-x86_64, r-oldrel-windows-x86_64