Last updated on 2023-05-29 20:00:24 CEST.
Flavor | Version | Tinstall | Tcheck | Ttotal | Status | Flags |
---|---|---|---|---|---|---|
r-devel-linux-x86_64-debian-clang | 1.0.4 | 16.60 | 235.68 | 252.28 | NOTE | |
r-devel-linux-x86_64-debian-gcc | 1.0.4 | 12.10 | 167.48 | 179.58 | NOTE | |
r-devel-linux-x86_64-fedora-clang | 1.0.4 | 302.40 | NOTE | |||
r-devel-linux-x86_64-fedora-gcc | 1.0.4 | 301.00 | NOTE | |||
r-devel-windows-x86_64 | 1.0.4 | 17.00 | 190.00 | 207.00 | NOTE | |
r-patched-linux-x86_64 | 1.0.4 | 15.76 | 219.70 | 235.46 | NOTE | |
r-release-linux-x86_64 | 1.0.4 | 16.02 | 221.85 | 237.87 | NOTE | |
r-release-macos-arm64 | 1.0.4 | 88.00 | NOTE | |||
r-release-macos-x86_64 | 1.0.4 | 145.00 | NOTE | |||
r-release-windows-x86_64 | 1.0.4 | 20.00 | 244.00 | 264.00 | NOTE | |
r-oldrel-macos-arm64 | 1.0.4 | 70.00 | OK | |||
r-oldrel-macos-x86_64 | 1.0.4 | 121.00 | OK | |||
r-oldrel-windows-x86_64 | 1.0.4 | 20.00 | 238.00 | 258.00 | OK |
Version: 1.0.4
Check: package subdirectories
Result: NOTE
Problems with news in ‘NEWS.md’:
No news entries found.
Flavors: r-devel-linux-x86_64-debian-clang, r-devel-linux-x86_64-debian-gcc, r-devel-linux-x86_64-fedora-clang, r-devel-linux-x86_64-fedora-gcc, r-devel-windows-x86_64, r-patched-linux-x86_64, r-release-linux-x86_64, r-release-macos-arm64, r-release-macos-x86_64, r-release-windows-x86_64