Last updated on 2023-09-24 08:58:18 CEST.
Flavor | Version | Tinstall | Tcheck | Ttotal | Status | Flags |
---|---|---|---|---|---|---|
r-devel-linux-x86_64-debian-clang | 1.3.8.1.3 | 4.79 | 65.39 | 70.18 | OK | |
r-devel-linux-x86_64-debian-gcc | 1.3.8.1.3 | 4.08 | 48.08 | 52.16 | OK | |
r-devel-linux-x86_64-fedora-clang | 1.3.8.1.3 | 86.20 | NOTE | |||
r-devel-linux-x86_64-fedora-gcc | 1.3.8.1.3 | 83.95 | OK | |||
r-devel-windows-x86_64 | 1.3.8.1.3 | 4.00 | 69.00 | 73.00 | OK | |
r-patched-linux-x86_64 | 1.3.8.1.3 | 7.20 | 63.73 | 70.93 | OK | |
r-release-linux-x86_64 | 1.3.8.1.3 | 4.39 | 63.79 | 68.18 | OK | |
r-release-macos-arm64 | 1.3.8.1.3 | 28.00 | OK | |||
r-release-macos-x86_64 | 1.3.8.1.3 | 50.00 | OK | |||
r-release-windows-x86_64 | 1.3.8.1.3 | 6.00 | 80.00 | 86.00 | OK | |
r-oldrel-macos-arm64 | 1.3.8.1.3 | 28.00 | OK | |||
r-oldrel-macos-x86_64 | 1.3.8.1.3 | 42.00 | OK | |||
r-oldrel-windows-x86_64 | 1.3.8.1.3 | 8.00 | 81.00 | 89.00 | OK |
Version: 1.3.8.1.3
Check: Rd cross-references
Result: NOTE
Undeclared package ‘bootstrap’ in Rd xrefs
Flavor: r-devel-linux-x86_64-fedora-clang