Last updated on 2023-09-29 19:58:34 CEST.
Flavor | Version | Tinstall | Tcheck | Ttotal | Status | Flags |
---|---|---|---|---|---|---|
r-devel-linux-x86_64-debian-clang | 1.2.5 | 43.78 | 378.99 | 422.77 | OK | |
r-devel-linux-x86_64-debian-gcc | 1.2.5 | 33.38 | 279.39 | 312.77 | OK | |
r-devel-linux-x86_64-fedora-clang | 1.2.5 | 500.01 | NOTE | |||
r-devel-linux-x86_64-fedora-gcc | 1.2.5 | 272.56 | NOTE | |||
r-devel-windows-x86_64 | 1.2.5 | 38.00 | 247.00 | 285.00 | OK | |
r-patched-linux-x86_64 | 1.2.5 | 35.03 | 349.66 | 384.69 | OK | |
r-release-linux-x86_64 | 1.2.5 | 38.03 | 358.65 | 396.68 | OK | |
r-release-macos-arm64 | 1.2.5 | 187.00 | NOTE | |||
r-release-macos-x86_64 | 1.2.5 | 370.00 | NOTE | |||
r-release-windows-x86_64 | 1.2.5 | 51.00 | 334.00 | 385.00 | OK | |
r-oldrel-macos-arm64 | 1.2.5 | 164.00 | NOTE | |||
r-oldrel-macos-x86_64 | 1.2.5 | 167.00 | NOTE | |||
r-oldrel-windows-x86_64 | 1.2.5 | 51.00 | 308.00 | 359.00 | OK |
Version: 1.2.5
Check: package dependencies
Result: NOTE
Package suggested but not available for checking: ‘rrvgo’
Flavors: r-devel-linux-x86_64-fedora-clang, r-devel-linux-x86_64-fedora-gcc, r-release-macos-arm64, r-release-macos-x86_64, r-oldrel-macos-arm64, r-oldrel-macos-x86_64