CRAN Package Check Results for Package genekitr

Last updated on 2024-06-20 08:54:48 CEST.

Flavor Version Tinstall Tcheck Ttotal Status Flags
r-devel-linux-x86_64-debian-clang 1.2.7 38.87 352.68 391.55 OK
r-devel-linux-x86_64-debian-gcc 1.2.7 31.20 261.59 292.79 OK
r-devel-linux-x86_64-fedora-clang 1.2.7 523.25 OK
r-devel-linux-x86_64-fedora-gcc 1.2.7 485.24 OK
r-devel-windows-x86_64 1.2.7 35.00 238.00 273.00 OK
r-patched-linux-x86_64 1.2.7 26.55 339.37 365.92 OK
r-release-linux-x86_64 1.2.7 32.45 336.31 368.76 OK
r-release-macos-arm64 1.2.7 130.00 OK
r-release-macos-x86_64 1.2.7 371.00 OK
r-release-windows-x86_64 1.2.7 41.00 257.00 298.00 OK
r-oldrel-macos-arm64 1.2.7 146.00 NOTE
r-oldrel-macos-x86_64 1.2.7 267.00 NOTE
r-oldrel-windows-x86_64 1.2.7 48.00 324.00 372.00 OK

Check Details

Version: 1.2.7
Check: package dependencies
Result: NOTE Package suggested but not available for checking: ‘rrvgo’ Flavors: r-oldrel-macos-arm64, r-oldrel-macos-x86_64