Last updated on 2024-03-29 07:54:44 CET.
Flavor | Version | Tinstall | Tcheck | Ttotal | Status | Flags |
---|---|---|---|---|---|---|
r-devel-linux-x86_64-debian-clang | 1.5.11 | 72.21 | 434.47 | 506.68 | OK | |
r-devel-linux-x86_64-debian-gcc | 1.5.11 | 54.81 | 313.75 | 368.56 | OK | |
r-devel-linux-x86_64-fedora-clang | 1.5.11 | 620.57 | NOTE | |||
r-devel-linux-x86_64-fedora-gcc | 1.5.11 | 632.60 | OK | |||
r-devel-windows-x86_64 | 1.5.11 | 55.00 | 283.00 | 338.00 | NOTE | |
r-patched-linux-x86_64 | 1.5.11 | 71.01 | 422.99 | 494.00 | OK | |
r-release-linux-x86_64 | 1.5.11 | 72.35 | 415.85 | 488.20 | OK | |
r-release-macos-arm64 | 1.5.11 | 152.00 | NOTE | |||
r-release-macos-x86_64 | 1.5.11 | 581.00 | NOTE | |||
r-release-windows-x86_64 | 1.5.11 | 73.00 | 391.00 | 464.00 | NOTE | |
r-oldrel-macos-arm64 | 1.5.11 | 154.00 | NOTE | |||
r-oldrel-windows-x86_64 | 1.5.11 | 74.00 | 381.00 | 455.00 | NOTE |
Version: 1.5.11
Check: installed package size
Result: NOTE
installed size is 5.6Mb
sub-directories of 1Mb or more:
doc 1.5Mb
extdata 3.5Mb
Flavors: r-devel-linux-x86_64-fedora-clang, r-devel-windows-x86_64, r-release-macos-arm64, r-release-macos-x86_64, r-release-windows-x86_64, r-oldrel-macos-arm64, r-oldrel-windows-x86_64