Last updated on 2024-03-28 19:48:32 CET.
Flavor | Version | Tinstall | Tcheck | Ttotal | Status | Flags |
---|---|---|---|---|---|---|
r-devel-linux-x86_64-debian-clang | 0.1.3 | 3.26 | 471.58 | 474.84 | NOTE | |
r-devel-linux-x86_64-debian-gcc | 0.1.3 | 2.12 | 312.94 | 315.06 | NOTE | |
r-devel-linux-x86_64-fedora-clang | 0.1.3 | 542.41 | NOTE | |||
r-devel-linux-x86_64-fedora-gcc | 0.1.3 | 563.37 | NOTE | |||
r-devel-windows-x86_64 | 0.1.3 | 5.00 | 302.00 | 307.00 | NOTE | |
r-patched-linux-x86_64 | 0.1.3 | 3.41 | 445.20 | 448.61 | NOTE | |
r-release-linux-x86_64 | 0.1.3 | 2.53 | 452.96 | 455.49 | NOTE | |
r-release-macos-arm64 | 0.1.3 | 127.00 | NOTE | |||
r-release-macos-x86_64 | 0.1.3 | 233.00 | NOTE | |||
r-release-windows-x86_64 | 0.1.3 | 4.00 | 405.00 | 409.00 | NOTE | |
r-oldrel-macos-arm64 | 0.1.3 | 115.00 | NOTE | |||
r-oldrel-windows-x86_64 | 0.1.3 | 6.00 | 414.00 | 420.00 | NOTE |
Version: 0.1.3
Check: LazyData
Result: NOTE
'LazyData' is specified without a 'data' directory
Flavors: r-devel-linux-x86_64-debian-clang, r-devel-linux-x86_64-debian-gcc, r-devel-linux-x86_64-fedora-clang, r-devel-linux-x86_64-fedora-gcc, r-devel-windows-x86_64, r-patched-linux-x86_64, r-release-linux-x86_64, r-release-macos-arm64, r-release-macos-x86_64, r-release-windows-x86_64, r-oldrel-macos-arm64, r-oldrel-windows-x86_64
Version: 0.1.3
Check: dependencies in R code
Result: NOTE
Namespace in Imports field not imported from: ‘methods’
All declared Imports should be used.
Flavors: r-devel-linux-x86_64-fedora-clang, r-devel-linux-x86_64-fedora-gcc