Last updated on 2023-10-03 08:04:51 CEST.
Flavor | Version | Tinstall | Tcheck | Ttotal | Status | Flags |
---|---|---|---|---|---|---|
r-devel-linux-x86_64-debian-clang | 0.1.3 | 3.15 | 456.43 | 459.58 | NOTE | |
r-devel-linux-x86_64-debian-gcc | 0.1.3 | 2.44 | 317.28 | 319.72 | NOTE | |
r-devel-linux-x86_64-fedora-clang | 0.1.3 | 547.57 | NOTE | |||
r-devel-linux-x86_64-fedora-gcc | 0.1.3 | 568.49 | NOTE | |||
r-devel-windows-x86_64 | 0.1.3 | 5.00 | 294.00 | 299.00 | NOTE | |
r-patched-linux-x86_64 | 0.1.3 | 3.11 | 435.90 | 439.01 | NOTE | |
r-release-linux-x86_64 | 0.1.3 | 3.26 | 456.36 | 459.62 | NOTE | |
r-release-macos-arm64 | 0.1.3 | 127.00 | NOTE | |||
r-release-macos-x86_64 | 0.1.3 | 233.00 | NOTE | |||
r-release-windows-x86_64 | 0.1.3 | 7.00 | 403.00 | 410.00 | NOTE | |
r-oldrel-macos-arm64 | 0.1.3 | 115.00 | NOTE | |||
r-oldrel-macos-x86_64 | 0.1.3 | 142.00 | NOTE | |||
r-oldrel-windows-x86_64 | 0.1.3 | 8.00 | 390.00 | 398.00 | NOTE |
Version: 0.1.3
Check: LazyData
Result: NOTE
'LazyData' is specified without a 'data' directory
Flavors: r-devel-linux-x86_64-debian-clang, r-devel-linux-x86_64-debian-gcc, r-devel-linux-x86_64-fedora-clang, r-devel-linux-x86_64-fedora-gcc, r-devel-windows-x86_64, r-patched-linux-x86_64, r-release-linux-x86_64, r-release-macos-arm64, r-release-macos-x86_64, r-release-windows-x86_64, r-oldrel-macos-arm64, r-oldrel-macos-x86_64, r-oldrel-windows-x86_64
Version: 0.1.3
Check: dependencies in R code
Result: NOTE
Namespace in Imports field not imported from: ‘methods’
All declared Imports should be used.
Flavors: r-devel-linux-x86_64-fedora-clang, r-devel-linux-x86_64-fedora-gcc, r-oldrel-macos-x86_64