Last updated on 2023-06-09 19:56:24 CEST.
Flavor | Version | Tinstall | Tcheck | Ttotal | Status | Flags |
---|---|---|---|---|---|---|
r-devel-linux-x86_64-debian-clang | 1.5.0-9.1 | 45.45 | 369.27 | 414.72 | NOTE | |
r-devel-linux-x86_64-debian-gcc | 1.5.0-9.1 | 39.20 | 273.85 | 313.05 | NOTE | |
r-devel-linux-x86_64-fedora-clang | 1.5.0-9.1 | 520.10 | NOTE | |||
r-devel-linux-x86_64-fedora-gcc | 1.5.0-9.1 | 497.59 | NOTE | |||
r-devel-windows-x86_64 | 1.5.0-9.1 | 51.00 | 244.00 | 295.00 | NOTE | |
r-patched-linux-x86_64 | 1.5.0-9.1 | 40.32 | 345.78 | 386.10 | NOTE | |
r-release-linux-x86_64 | 1.5.0-9.1 | 38.51 | 348.31 | 386.82 | NOTE | |
r-release-macos-arm64 | 1.5.0-9.1 | 116.00 | NOTE | |||
r-release-macos-x86_64 | 1.5.0-9.1 | 222.00 | NOTE | |||
r-release-windows-x86_64 | 1.5.0-9.1 | 71.00 | 330.00 | 401.00 | NOTE | |
r-oldrel-macos-arm64 | 1.5.0-9.1 | 104.00 | OK | |||
r-oldrel-macos-x86_64 | 1.5.0-9.1 | 152.00 | OK | |||
r-oldrel-windows-x86_64 | 1.5.0-9.1 | 68.00 | 316.00 | 384.00 | NOTE |
Version: 1.5.0-9.1
Check: C++ specification
Result: NOTE
Specified C++11: please drop specification unless essential
Flavors: r-devel-linux-x86_64-debian-clang, r-devel-linux-x86_64-debian-gcc, r-devel-linux-x86_64-fedora-clang, r-devel-linux-x86_64-fedora-gcc, r-devel-windows-x86_64, r-patched-linux-x86_64, r-release-linux-x86_64, r-release-macos-arm64, r-release-macos-x86_64, r-release-windows-x86_64
Version: 1.5.0-9.1
Check: installed package size
Result: NOTE
installed size is 5.1Mb
sub-directories of 1Mb or more:
extdata 3.0Mb
Flavors: r-devel-windows-x86_64, r-release-windows-x86_64, r-oldrel-windows-x86_64